{"id":7281,"date":"2022-03-14T13:32:01","date_gmt":"2022-03-14T12:32:01","guid":{"rendered":"https:\/\/ffw-weilersbach.de\/wordpress\/?page_id=7281"},"modified":"2025-01-06T13:22:37","modified_gmt":"2025-01-06T12:22:37","slug":"fruehjahrslauf-2022","status":"publish","type":"page","link":"https:\/\/ffw-weilersbach.de\/wordpress\/laufteam-ffw\/fruehjahrslauf-2\/fruehjahrslauf-2022","title":{"rendered":"Fr\u00fchjahrslauf 2022"},"content":{"rendered":"<p style=\"text-align: center;\"><strong>6. Weilersbacher Fr\u00fchjahrslauf (08.05.2022)<\/strong><\/p>\n<p>&nbsp;<\/p>\n<h1><strong><a href=\"http:\/\/www.wkm-iad.de\/wk_ergebnisse.php?wknr=290\" target=\"_blank\" rel=\"noopener\">Ergebnisse<\/a><\/strong><\/h1>\nngg_shortcode_0_placeholder\n<p>Am 08. Mai 2022 richtet die Feuerwehr Weilersbach den 6. Weilersbacher Fr\u00fchjahrslauf aus. An diesem Lauf kann nat\u00fcrlich jeder teilnehmen, nicht nur Feuerwehren.<\/p>\n<p><em>Wer sich innerhalb der offiziellen Anmeldezeit f\u00fcr den Lauf anmeldet erh\u00e4lt eine personalisierte Startnummer.<\/em><\/p>\n<p style=\"text-align: right;\"><img loading=\"lazy\" decoding=\"async\" class=\"alignnone size-full wp-image-7300\" src=\"https:\/\/ffw-weilersbach.de\/wordpress\/wp-content\/uploads\/2022\/03\/Fruehjahrslauf-2022_UK_002.jpg\" alt=\"\" width=\"1280\" height=\"1280\" srcset=\"https:\/\/ffw-weilersbach.de\/wordpress\/wp-content\/uploads\/2022\/03\/Fruehjahrslauf-2022_UK_002.jpg 1280w, https:\/\/ffw-weilersbach.de\/wordpress\/wp-content\/uploads\/2022\/03\/Fruehjahrslauf-2022_UK_002-300x300.jpg 300w, https:\/\/ffw-weilersbach.de\/wordpress\/wp-content\/uploads\/2022\/03\/Fruehjahrslauf-2022_UK_002-700x700.jpg 700w, https:\/\/ffw-weilersbach.de\/wordpress\/wp-content\/uploads\/2022\/03\/Fruehjahrslauf-2022_UK_002-150x150.jpg 150w, https:\/\/ffw-weilersbach.de\/wordpress\/wp-content\/uploads\/2022\/03\/Fruehjahrslauf-2022_UK_002-768x768.jpg 768w, https:\/\/ffw-weilersbach.de\/wordpress\/wp-content\/uploads\/2022\/03\/Fruehjahrslauf-2022_UK_002-200x200.jpg 200w\" sizes=\"auto, (max-width: 1280px) 100vw, 1280px\" \/><\/p>\n<p><strong>Anmeldeschluss: 04.05.2022 um 24:00 Uhr<\/strong><\/p>\n<blockquote><p><a href=\"https:\/\/www.wkm-iad.de\/fjl22_oam.php\">Anmeldung<\/a><\/p>\n<p><a href=\"http:\/\/www.wkm-iad.de\/wk_teilnehmer.php?wknr=290\">Teilnehmerliste<\/a><\/p><\/blockquote>\n<p><strong>Ausschreibung<\/strong><\/p>\n<p><a href=\"https:\/\/ffw-weilersbach.de\/wordpress\/wp-content\/uploads\/2022\/03\/Ausschreibung-Weilersbachlauf.pdf\">Ausschreibung-Weilersbachlauf<\/a><\/p>\n<p><strong>Streckenbeschreibung<\/strong><\/p>\n<p>F\u00fcr die Haupl\u00e4ufe, 6km, 10km und Nordic Walking, gibt es einen Rundkurs durch Weilersbach. Dazu z\u00e4hlt ein 1km langer Anlauf sowie ein 1km langer Auslauf. Eine Runde betr\u00e4gt 4 km, somit muss diese beim 6km Lauf und beim Nordic Walking einmal und beim 10km Lauf zweimal bew\u00e4ltigt werden.<\/p>\n<p><a title=\"Streckenbeschreibung\" href=\"http:\/\/fruehjahrslauf.ffw-weilersbach.de\/Streckenbeschreibung.pdf\" target=\"_blank\" rel=\"noopener noreferrer\">Streckenbeschreibung<\/a><\/p>\n<p>&nbsp;<\/p>\n<p><strong>Partnerl\u00e4ufe<\/strong><\/p>\n<p><a href=\"https:\/\/www.wiesent-challenge.de\/\" target=\"_blank\" rel=\"noopener\">Wiesent Challenge<\/a><\/p>\n<p><a href=\"http:\/\/www.sportgruppe-neunkirchen.de\/aktivitaeten\/br_ba_lauf\/br_ba_lauf.htm\" target=\"_blank\" rel=\"noopener\">Brandbachlauf<\/a><\/p>\n<p>&nbsp;<\/p>\n<p>&nbsp;<\/p>\n<p><strong>Sponsoren<\/strong><\/p>\n<p><img loading=\"lazy\" decoding=\"async\" class=\"alignnone wp-image-7321\" src=\"https:\/\/ffw-weilersbach.de\/wordpress\/wp-content\/uploads\/2022\/04\/greif_logo_180px.jpg\" alt=\"\" width=\"127\" height=\"127\" srcset=\"https:\/\/ffw-weilersbach.de\/wordpress\/wp-content\/uploads\/2022\/04\/greif_logo_180px.jpg 180w, https:\/\/ffw-weilersbach.de\/wordpress\/wp-content\/uploads\/2022\/04\/greif_logo_180px-150x150.jpg 150w\" sizes=\"auto, (max-width: 127px) 100vw, 127px\" \/> <img loading=\"lazy\" decoding=\"async\" class=\"alignnone wp-image-7322\" src=\"https:\/\/ffw-weilersbach.de\/wordpress\/wp-content\/uploads\/2022\/04\/Marien-Apotheke.png\" alt=\"\" width=\"292\" height=\"81\" srcset=\"https:\/\/ffw-weilersbach.de\/wordpress\/wp-content\/uploads\/2022\/04\/Marien-Apotheke.png 422w, https:\/\/ffw-weilersbach.de\/wordpress\/wp-content\/uploads\/2022\/04\/Marien-Apotheke-300x83.png 300w\" sizes=\"auto, (max-width: 292px) 100vw, 292px\" \/> <img loading=\"lazy\" decoding=\"async\" class=\"alignnone wp-image-7323\" src=\"https:\/\/ffw-weilersbach.de\/wordpress\/wp-content\/uploads\/2022\/04\/Radsportart.png\" alt=\"\" width=\"242\" height=\"65\" srcset=\"https:\/\/ffw-weilersbach.de\/wordpress\/wp-content\/uploads\/2022\/04\/Radsportart.png 302w, https:\/\/ffw-weilersbach.de\/wordpress\/wp-content\/uploads\/2022\/04\/Radsportart-300x80.png 300w\" sizes=\"auto, (max-width: 242px) 100vw, 242px\" \/> <img loading=\"lazy\" decoding=\"async\" class=\"alignnone wp-image-7324\" src=\"https:\/\/ffw-weilersbach.de\/wordpress\/wp-content\/uploads\/2022\/04\/Kalchreuther.png\" alt=\"\" width=\"321\" height=\"85\" srcset=\"https:\/\/ffw-weilersbach.de\/wordpress\/wp-content\/uploads\/2022\/04\/Kalchreuther.png 600w, https:\/\/ffw-weilersbach.de\/wordpress\/wp-content\/uploads\/2022\/04\/Kalchreuther-300x80.png 300w\" sizes=\"auto, (max-width: 321px) 100vw, 321px\" \/> <img loading=\"lazy\" decoding=\"async\" class=\"alignnone wp-image-7325\" src=\"https:\/\/ffw-weilersbach.de\/wordpress\/wp-content\/uploads\/2022\/04\/Edeka.jpg\" alt=\"\" width=\"235\" height=\"234\" srcset=\"https:\/\/ffw-weilersbach.de\/wordpress\/wp-content\/uploads\/2022\/04\/Edeka.jpg 1085w, https:\/\/ffw-weilersbach.de\/wordpress\/wp-content\/uploads\/2022\/04\/Edeka-300x300.jpg 300w, https:\/\/ffw-weilersbach.de\/wordpress\/wp-content\/uploads\/2022\/04\/Edeka-700x697.jpg 700w, https:\/\/ffw-weilersbach.de\/wordpress\/wp-content\/uploads\/2022\/04\/Edeka-150x150.jpg 150w, https:\/\/ffw-weilersbach.de\/wordpress\/wp-content\/uploads\/2022\/04\/Edeka-768x764.jpg 768w, https:\/\/ffw-weilersbach.de\/wordpress\/wp-content\/uploads\/2022\/04\/Edeka-200x200.jpg 200w\" sizes=\"auto, (max-width: 235px) 100vw, 235px\" \/> <img loading=\"lazy\" decoding=\"async\" class=\"alignnone wp-image-7326\" src=\"https:\/\/ffw-weilersbach.de\/wordpress\/wp-content\/uploads\/2022\/04\/Frankenlagune.png\" alt=\"\" width=\"299\" height=\"135\" srcset=\"https:\/\/ffw-weilersbach.de\/wordpress\/wp-content\/uploads\/2022\/04\/Frankenlagune.png 689w, https:\/\/ffw-weilersbach.de\/wordpress\/wp-content\/uploads\/2022\/04\/Frankenlagune-300x135.png 300w\" sizes=\"auto, (max-width: 299px) 100vw, 299px\" \/> <img loading=\"lazy\" decoding=\"async\" class=\"alignnone wp-image-7327\" src=\"https:\/\/ffw-weilersbach.de\/wordpress\/wp-content\/uploads\/2022\/04\/Koenigsbad.png\" alt=\"\" width=\"179\" height=\"192\" srcset=\"https:\/\/ffw-weilersbach.de\/wordpress\/wp-content\/uploads\/2022\/04\/Koenigsbad.png 398w, https:\/\/ffw-weilersbach.de\/wordpress\/wp-content\/uploads\/2022\/04\/Koenigsbad-280x300.png 280w\" sizes=\"auto, (max-width: 179px) 100vw, 179px\" \/>&nbsp; <img loading=\"lazy\" decoding=\"async\" class=\"alignnone size-full wp-image-7329\" src=\"https:\/\/ffw-weilersbach.de\/wordpress\/wp-content\/uploads\/2022\/04\/MTS.png\" alt=\"\" width=\"330\" height=\"165\" srcset=\"https:\/\/ffw-weilersbach.de\/wordpress\/wp-content\/uploads\/2022\/04\/MTS.png 330w, https:\/\/ffw-weilersbach.de\/wordpress\/wp-content\/uploads\/2022\/04\/MTS-300x150.png 300w\" sizes=\"auto, (max-width: 330px) 100vw, 330px\" \/> <img loading=\"lazy\" decoding=\"async\" class=\"alignnone wp-image-7334\" src=\"https:\/\/ffw-weilersbach.de\/wordpress\/wp-content\/uploads\/2022\/04\/Bernhard_Hack.png\" alt=\"\" width=\"251\" height=\"164\" srcset=\"https:\/\/ffw-weilersbach.de\/wordpress\/wp-content\/uploads\/2022\/04\/Bernhard_Hack.png 443w, https:\/\/ffw-weilersbach.de\/wordpress\/wp-content\/uploads\/2022\/04\/Bernhard_Hack-300x196.png 300w\" sizes=\"auto, (max-width: 251px) 100vw, 251px\" \/><img loading=\"lazy\" decoding=\"async\" class=\"alignnone size-full wp-image-7328\" src=\"https:\/\/ffw-weilersbach.de\/wordpress\/wp-content\/uploads\/2022\/04\/Volksbank.png\" alt=\"\" width=\"318\" height=\"59\" srcset=\"https:\/\/ffw-weilersbach.de\/wordpress\/wp-content\/uploads\/2022\/04\/Volksbank.png 318w, https:\/\/ffw-weilersbach.de\/wordpress\/wp-content\/uploads\/2022\/04\/Volksbank-300x56.png 300w\" sizes=\"auto, (max-width: 318px) 100vw, 318px\" \/><img loading=\"lazy\" decoding=\"async\" class=\"alignnone size-full wp-image-7330\" src=\"https:\/\/ffw-weilersbach.de\/wordpress\/wp-content\/uploads\/2022\/04\/Sandra.png\" alt=\"\" width=\"200\" height=\"93\"\/> <img loading=\"lazy\" decoding=\"async\" class=\"alignnone size-full wp-image-7331\" src=\"https:\/\/ffw-weilersbach.de\/wordpress\/wp-content\/uploads\/2022\/04\/Maisel.png\" alt=\"\" width=\"241\" height=\"96\"\/> <img loading=\"lazy\" decoding=\"async\" class=\"alignnone wp-image-7332\" src=\"https:\/\/ffw-weilersbach.de\/wordpress\/wp-content\/uploads\/2022\/04\/Lothar.png\" alt=\"\" width=\"238\" height=\"91\"\/> <img loading=\"lazy\" decoding=\"async\" class=\"alignnone wp-image-7333\" src=\"https:\/\/ffw-weilersbach.de\/wordpress\/wp-content\/uploads\/2022\/04\/SP_Commercial-Development_Logo_bronze_freigestellt.png\" alt=\"\" width=\"390\" height=\"52\" srcset=\"https:\/\/ffw-weilersbach.de\/wordpress\/wp-content\/uploads\/2022\/04\/SP_Commercial-Development_Logo_bronze_freigestellt.png 3246w, https:\/\/ffw-weilersbach.de\/wordpress\/wp-content\/uploads\/2022\/04\/SP_Commercial-Development_Logo_bronze_freigestellt-300x40.png 300w, https:\/\/ffw-weilersbach.de\/wordpress\/wp-content\/uploads\/2022\/04\/SP_Commercial-Development_Logo_bronze_freigestellt-700x94.png 700w, https:\/\/ffw-weilersbach.de\/wordpress\/wp-content\/uploads\/2022\/04\/SP_Commercial-Development_Logo_bronze_freigestellt-768x103.png 768w, https:\/\/ffw-weilersbach.de\/wordpress\/wp-content\/uploads\/2022\/04\/SP_Commercial-Development_Logo_bronze_freigestellt-1536x205.png 1536w, https:\/\/ffw-weilersbach.de\/wordpress\/wp-content\/uploads\/2022\/04\/SP_Commercial-Development_Logo_bronze_freigestellt-2048x274.png 2048w\" sizes=\"auto, (max-width: 390px) 100vw, 390px\" \/>&nbsp;<\/p>\n<p>&nbsp;<\/p>\n<p><strong>Zuschauer<\/strong><\/p>\n<p>F\u00fcr Moderation und Verpflegung ist im Start- Zielbereich, am Sportplatz Weilersbach, bestens gesorgt.<\/p>\n<p><strong>Newsletter<\/strong><br \/>\n<script id=\"n2g_script\">!function(e,t,n,c,r,a,i){e.Newsletter2GoTrackingObject=r,e[r]=e[r]||function(){(e[r].q=e[r].q||[]).push(arguments)},e[r].l=1*new Date,a=t.createElement(n),i=t.getElementsByTagName(n)[0],a.async=1,a.src=c,i.parentNode.insertBefore(a,i)}(window,document,\"script\",\"https:\/\/static.newsletter2go.com\/utils.js\",\"n2g\");var config = {\"container\": {\"type\": \"div\",\"class\": \"\",\"style\": \"\"},\"row\": {\"type\": \"div\",\"class\": \"\",\"style\": \"margin-top: 15px;\"},\"columnLeft\": {\"type\": \"div\",\"class\": \"\",\"style\": \"\"},\"columnRight\": {\"type\": \"div\",\"class\": \"\",\"style\": \"\"},\"label\": {\"type\": \"label\",\"class\": \"\",\"style\": \"\"}};n2g('create', 'm79u1xmb-5ocvvn8z-19fh');n2g('subscribe:createForm', config);<\/script><\/p>\n<p><strong>Bilder<\/strong><\/p>\n<p><strong><a title=\"Fruehjahrslauf 2019\" href=\"https:\/\/www.flickr.com\/photos\/171597687@N06\/albums\/72157708785303592\" data-flickr-embed=\"true\"><img loading=\"lazy\" decoding=\"async\" src=\"https:\/\/live.staticflickr.com\/65535\/47937744818_658837d94f_z.jpg\" alt=\"Fruehjahrslauf 2019\" width=\"427\" height=\"640\"\/><\/a><\/strong><script src=\"\/\/embedr.flickr.com\/assets\/client-code.js\" async=\"\" charset=\"utf-8\"><\/script><\/p>\n<p>4. Weilersbacher Fr\u00fchjahrslauf (2018)<br \/>\n<a href=\"https:\/\/www.flickr.com\/photos\/ok-foto\/albums\/72157690527501560\" target=\"_blank\" rel=\"noopener noreferrer\">Bildergallerie 1<\/a><\/p>\n<h3><a href=\"https:\/\/www.flickr.com\/photos\/49612107@N03\/sets\/72157696654073275\" target=\"_blank\" rel=\"noopener noreferrer\"><span style=\"color: #3366ff;\">Jugend- und Bambinilauf1<\/span><\/a><\/h3>\n<p>3. Weilersbacher Fr\u00fchjahrslauf (2017)<br \/>\n<a title=\"3. Weilersbacher Fr\u00fchjahrslauf\" href=\"https:\/\/www.flickr.com\/photos\/147388934@N05\/albums\/72157681350780030\" data-flickr-embed=\"true\"><img loading=\"lazy\" decoding=\"async\" src=\"https:\/\/c1.staticflickr.com\/3\/2860\/34304178426_8ee15b65e2_z.jpg\" alt=\"3. Weilersbacher Fr\u00fchjahrslauf\" width=\"640\" height=\"425\"\/><\/a><script src=\"\/\/embedr.flickr.com\/assets\/client-code.js\" async=\"\" charset=\"utf-8\"><\/script><\/p>\n<p>2. Weilersbacher Fr\u00fchjahrslauf (2016)<br \/>\n<a title=\"2. Weilersbacher Fr\u00fchjahrslauf\" href=\"https:\/\/www.flickr.com\/photos\/147388934@N05\/albums\/72157678679971500\" data-flickr-embed=\"true\"><img loading=\"lazy\" decoding=\"async\" src=\"https:\/\/c1.staticflickr.com\/1\/423\/32705642062_21ac834d02_z.jpg\" alt=\"2. Weilersbacher Fr\u00fchjahrslauf\" width=\"640\" height=\"425\"\/><\/a><script src=\"\/\/embedr.flickr.com\/assets\/client-code.js\" async=\"\" charset=\"utf-8\"><\/script><\/p>\n<p>1. Weilersbacher Fr\u00fchjahrslauf (2015)<br \/>\n<a title=\"1. Weilersbacher Fr\u00fchjahrslauf 2015\" href=\"https:\/\/www.flickr.com\/gp\/147388934@N05\/fH06xN\" data-flickr-embed=\"true\"><img loading=\"lazy\" decoding=\"async\" src=\"https:\/\/c1.staticflickr.com\/1\/777\/32567900792_91e05d92f4_z.jpg\" alt=\"1. Weilersbacher Fr\u00fchjahrslauf 2015\" width=\"640\" height=\"424\"\/><\/a><script src=\"\/\/embedr.flickr.com\/assets\/client-code.js\" async=\"\" charset=\"utf-8\"><\/script><\/p>\n<p>&nbsp;<\/p>\n<p>&nbsp;<\/p>\n<p><strong>Kontakt<\/strong><\/p>\n<p>Falls Sie Fragen haben, kontaktieren Sie uns bitte unter der EMail Adresse: fruehjahrslauf [at] ffw-weilersbach.de<\/p>\n<p><strong>Facebook<\/strong><\/p>\n<p><a href=\"https:\/\/www.facebook.com\/pages\/Weilersbacher-Fr%C3%BChjahrslauf\/737708092987131?sk=timeline&amp;ref=page_internal\"><img loading=\"lazy\" decoding=\"async\" class=\" size-full wp-image-3483 alignleft\" src=\"http:\/\/www.ffw-weilersbach.de\/wordpress\/wp-content\/uploads\/2015\/01\/facebook2.jpg\" alt=\"facebook2\" width=\"135\" height=\"49\"\/><\/a><\/p>\n<p>&nbsp;<\/p>\n<p>&nbsp;<\/p>\n<p>Lauf Event, Lauf Veranstaltung, Laufveranstaltung in Weilersbach, Landkreis Forchheim, Oberfranken, Fr\u00e4nkische Schweiz<\/p>\n","protected":false},"excerpt":{"rendered":"<p>6. Weilersbacher Fr\u00fchjahrslauf (08.05.2022) &nbsp; Ergebnisse &nbsp; Am 08. Mai 2022 richtet die Feuerwehr Weilersbach den 6. Weilersbacher Fr\u00fchjahrslauf aus. An diesem Lauf kann nat\u00fcrlich jeder teilnehmen, nicht nur Feuerwehren. &hellip; <\/p>\n","protected":false},"author":9,"featured_media":0,"parent":12592,"menu_order":0,"comment_status":"closed","ping_status":"closed","template":"","meta":{"ngg_post_thumbnail":0,"footnotes":""},"class_list":["post-7281","page","type-page","status-publish","hentry"],"_links":{"self":[{"href":"https:\/\/ffw-weilersbach.de\/wordpress\/wp-json\/wp\/v2\/pages\/7281","targetHints":{"allow":["GET"]}}],"collection":[{"href":"https:\/\/ffw-weilersbach.de\/wordpress\/wp-json\/wp\/v2\/pages"}],"about":[{"href":"https:\/\/ffw-weilersbach.de\/wordpress\/wp-json\/wp\/v2\/types\/page"}],"author":[{"embeddable":true,"href":"https:\/\/ffw-weilersbach.de\/wordpress\/wp-json\/wp\/v2\/users\/9"}],"replies":[{"embeddable":true,"href":"https:\/\/ffw-weilersbach.de\/wordpress\/wp-json\/wp\/v2\/comments?post=7281"}],"version-history":[{"count":19,"href":"https:\/\/ffw-weilersbach.de\/wordpress\/wp-json\/wp\/v2\/pages\/7281\/revisions"}],"predecessor-version":[{"id":8266,"href":"https:\/\/ffw-weilersbach.de\/wordpress\/wp-json\/wp\/v2\/pages\/7281\/revisions\/8266"}],"up":[{"embeddable":true,"href":"https:\/\/ffw-weilersbach.de\/wordpress\/wp-json\/wp\/v2\/pages\/12592"}],"wp:attachment":[{"href":"https:\/\/ffw-weilersbach.de\/wordpress\/wp-json\/wp\/v2\/media?parent=7281"}],"curies":[{"name":"wp","href":"https:\/\/api.w.org\/{rel}","templated":true}]}}