{"id":6899,"date":"2019-12-15T13:48:25","date_gmt":"2019-12-15T12:48:25","guid":{"rendered":"https:\/\/ffw-weilersbach.de\/wordpress\/?page_id=6899"},"modified":"2025-01-06T12:52:19","modified_gmt":"2025-01-06T11:52:19","slug":"fruehjahrslauf-2020","status":"publish","type":"page","link":"https:\/\/ffw-weilersbach.de\/wordpress\/laufteam-ffw\/fruehjahrslauf-2\/fruehjahrslauf-2020","title":{"rendered":"Fr\u00fchjahrslauf 2020"},"content":{"rendered":"<p><strong>6. Weilersbacher Fr\u00fchjahrslauf (10.05.2020)<\/strong><\/p>\n<p><img loading=\"lazy\" decoding=\"async\" src=\"https:\/\/ffw-weilersbach.de\/wordpress\/wp-content\/uploads\/2020\/03\/FJL2020_BANNER_Homepage_ABSAGE-300x104.jpg\" alt=\"\" width=\"300\" height=\"104\" class=\"alignnone size-medium wp-image-7000\" srcset=\"https:\/\/ffw-weilersbach.de\/wordpress\/wp-content\/uploads\/2020\/03\/FJL2020_BANNER_Homepage_ABSAGE-300x104.jpg 300w, https:\/\/ffw-weilersbach.de\/wordpress\/wp-content\/uploads\/2020\/03\/FJL2020_BANNER_Homepage_ABSAGE-700x244.jpg 700w, https:\/\/ffw-weilersbach.de\/wordpress\/wp-content\/uploads\/2020\/03\/FJL2020_BANNER_Homepage_ABSAGE-768x267.jpg 768w, https:\/\/ffw-weilersbach.de\/wordpress\/wp-content\/uploads\/2020\/03\/FJL2020_BANNER_Homepage_ABSAGE.jpg 1436w\" sizes=\"auto, (max-width: 300px) 100vw, 300px\" \/><\/p>\n<p>Liebe Lauffreunde,<\/p>\n<p>der inzwischen 6. Weilersbacher Fr\u00fchjahrslauf w\u00fcrde bald stattfinden.<\/p>\n<p><strong>Aufgrund der aktuellen Situation und der derzeitigen Ausbreitung des Corona Virus (COVID-19) m\u00fcssen wir diesen jedoch leider absagen.<\/strong><\/p>\n<p>Die Vorbereitungen waren schon angelaufen.<br \/>\nVielen Dank an dieser Stelle auch den Helfern, die sich bereit erkl\u00e4rt haben Aufgaben zu \u00fcbernehmen.<\/p>\n<p>Wir bitten um Euer Verst\u00e4ndnis.<\/p>\n<p>Bleibt gesund.<\/p>\n<p>#WirBleibenZuhause<\/p>\n<p><strong>Newsletter<\/strong><br \/>\n<script id=\"n2g_script\">!function(e,t,n,c,r,a,i){e.Newsletter2GoTrackingObject=r,e[r]=e[r]||function(){(e[r].q=e[r].q||[]).push(arguments)},e[r].l=1*new Date,a=t.createElement(n),i=t.getElementsByTagName(n)[0],a.async=1,a.src=c,i.parentNode.insertBefore(a,i)}(window,document,\"script\",\"https:\/\/static.newsletter2go.com\/utils.js\",\"n2g\");var config = {\"container\": {\"type\": \"div\",\"class\": \"\",\"style\": \"\"},\"row\": {\"type\": \"div\",\"class\": \"\",\"style\": \"margin-top: 15px;\"},\"columnLeft\": {\"type\": \"div\",\"class\": \"\",\"style\": \"\"},\"columnRight\": {\"type\": \"div\",\"class\": \"\",\"style\": \"\"},\"label\": {\"type\": \"label\",\"class\": \"\",\"style\": \"\"}};n2g('create', 'm79u1xmb-5ocvvn8z-19fh');n2g('subscribe:createForm', config);<\/script><\/p>\n<p><strong>Kontakt<\/strong><\/p>\n<p>Falls Sie Fragen haben, kontaktieren Sie uns bitte unter der EMail Adresse: fruehjahrslauf [at] ffw-weilersbach.de<\/p>\n<p><strong>Facebook<\/strong><\/p>\n<p><a href=\"https:\/\/www.facebook.com\/pages\/Weilersbacher-Fr%C3%BChjahrslauf\/737708092987131?sk=timeline&amp;ref=page_internal\"><img loading=\"lazy\" decoding=\"async\" class=\" size-full wp-image-3483 alignleft\" src=\"http:\/\/www.ffw-weilersbach.de\/wordpress\/wp-content\/uploads\/2015\/01\/facebook2.jpg\" alt=\"facebook2\" width=\"135\" height=\"49\"\/><\/a><\/p>\n<p>&nbsp;<\/p>\n<p>&nbsp;<\/p>\n<p><strong><br \/>\nBilder vom 05. Weilersbacher Fr\u00fchjahrslauf<br \/>\n<\/strong><br \/>\n<a data-flickr-embed=\"true\"  href=\"https:\/\/www.flickr.com\/photos\/171597687@N06\/albums\/72157708785303592\" title=\"Fruehjahrslauf 2019\"><img loading=\"lazy\" decoding=\"async\" src=\"https:\/\/live.staticflickr.com\/65535\/47937744818_658837d94f_z.jpg\" width=\"427\" height=\"640\" alt=\"Fruehjahrslauf 2019\"\/><\/a><script async src=\"\/\/embedr.flickr.com\/assets\/client-code.js\" charset=\"utf-8\"><\/script><\/p>\n<p>Lauf Event, Lauf Veranstaltung, Laufveranstaltung in Weilersbach, Landkreis Forchheim, Oberfranken, Fr\u00e4nkische Schweiz<\/p>\n","protected":false},"excerpt":{"rendered":"<p>6. Weilersbacher Fr\u00fchjahrslauf (10.05.2020) Liebe Lauffreunde, der inzwischen 6. Weilersbacher Fr\u00fchjahrslauf w\u00fcrde bald stattfinden. Aufgrund der aktuellen Situation und der derzeitigen Ausbreitung des Corona Virus (COVID-19) m\u00fcssen wir diesen jedoch &hellip; <\/p>\n","protected":false},"author":9,"featured_media":0,"parent":12592,"menu_order":0,"comment_status":"closed","ping_status":"closed","template":"","meta":{"ngg_post_thumbnail":0,"footnotes":""},"class_list":["post-6899","page","type-page","status-publish","hentry"],"_links":{"self":[{"href":"https:\/\/ffw-weilersbach.de\/wordpress\/wp-json\/wp\/v2\/pages\/6899","targetHints":{"allow":["GET"]}}],"collection":[{"href":"https:\/\/ffw-weilersbach.de\/wordpress\/wp-json\/wp\/v2\/pages"}],"about":[{"href":"https:\/\/ffw-weilersbach.de\/wordpress\/wp-json\/wp\/v2\/types\/page"}],"author":[{"embeddable":true,"href":"https:\/\/ffw-weilersbach.de\/wordpress\/wp-json\/wp\/v2\/users\/9"}],"replies":[{"embeddable":true,"href":"https:\/\/ffw-weilersbach.de\/wordpress\/wp-json\/wp\/v2\/comments?post=6899"}],"version-history":[{"count":8,"href":"https:\/\/ffw-weilersbach.de\/wordpress\/wp-json\/wp\/v2\/pages\/6899\/revisions"}],"predecessor-version":[{"id":7001,"href":"https:\/\/ffw-weilersbach.de\/wordpress\/wp-json\/wp\/v2\/pages\/6899\/revisions\/7001"}],"up":[{"embeddable":true,"href":"https:\/\/ffw-weilersbach.de\/wordpress\/wp-json\/wp\/v2\/pages\/12592"}],"wp:attachment":[{"href":"https:\/\/ffw-weilersbach.de\/wordpress\/wp-json\/wp\/v2\/media?parent=6899"}],"curies":[{"name":"wp","href":"https:\/\/api.w.org\/{rel}","templated":true}]}}

Frühjahrslauf 2020

<p><strong>6. Weilersbacher Frühjahrslauf (10.05.2020)</strong></p>
<p><img loading="lazy" decoding="async" src="https://ffw-weilersbach.de/wordpress/wp-content/uploads/2020/03/FJL2020_BANNER_Homepage_ABSAGE-300x104.jpg" alt="" width="300" height="104" class="alignnone size-medium wp-image-7000" srcset="https://ffw-weilersbach.de/wordpress/wp-content/uploads/2020/03/FJL2020_BANNER_Homepage_ABSAGE-300x104.jpg 300w, https://ffw-weilersbach.de/wordpress/wp-content/uploads/2020/03/FJL2020_BANNER_Homepage_ABSAGE-700x244.jpg 700w, https://ffw-weilersbach.de/wordpress/wp-content/uploads/2020/03/FJL2020_BANNER_Homepage_ABSAGE-768x267.jpg 768w, https://ffw-weilersbach.de/wordpress/wp-content/uploads/2020/03/FJL2020_BANNER_Homepage_ABSAGE.jpg 1436w" sizes="auto, (max-width: 300px) 100vw, 300px" /></p>
<p>Liebe Lauffreunde,</p>
<p>der inzwischen 6. Weilersbacher Frühjahrslauf würde bald stattfinden.</p>
<p><strong>Aufgrund der aktuellen Situation und der derzeitigen Ausbreitung des Corona Virus (COVID-19) müssen wir diesen jedoch leider absagen.</strong></p>
<p>Die Vorbereitungen waren schon angelaufen.<br />
Vielen Dank an dieser Stelle auch den Helfern, die sich bereit erklärt haben Aufgaben zu übernehmen.</p>
<p>Wir bitten um Euer Verständnis.</p>
<p>Bleibt gesund.</p>
<p>#WirBleibenZuhause</p>
<p><strong>Newsletter</strong><br />
<script id="n2g_script">!function(e,t,n,c,r,a,i){e.Newsletter2GoTrackingObject=r,e[r]=e[r]||function(){(e[r].q=e[r].q||[]).push(arguments)},e[r].l=1*new Date,a=t.createElement(n),i=t.getElementsByTagName(n)[0],a.async=1,a.src=c,i.parentNode.insertBefore(a,i)}(window,document,"script","https://static.newsletter2go.com/utils.js","n2g");var config = {"container": {"type": "div","class": "","style": ""},"row": {"type": "div","class": "","style": "margin-top: 15px;"},"columnLeft": {"type": "div","class": "","style": ""},"columnRight": {"type": "div","class": "","style": ""},"label": {"type": "label","class": "","style": ""}};n2g('create', 'm79u1xmb-5ocvvn8z-19fh');n2g('subscribe:createForm', config);</script></p>
<p><strong>Kontakt</strong></p>
<p>Falls Sie Fragen haben, kontaktieren Sie uns bitte unter der EMail Adresse: fruehjahrslauf [at] ffw-weilersbach.de</p>
<p><strong>Facebook</strong></p>
<p><a href="https://www.facebook.com/pages/Weilersbacher-Fr%C3%BChjahrslauf/737708092987131?sk=timeline&amp;ref=page_internal"><img loading="lazy" decoding="async" class=" size-full wp-image-3483 alignleft" src="http://www.ffw-weilersbach.de/wordpress/wp-content/uploads/2015/01/facebook2.jpg" alt="facebook2" width="135" height="49"/></a></p>
<p>&nbsp;</p>
<p>&nbsp;</p>
<p><strong><br />
Bilder vom 05. Weilersbacher Frühjahrslauf<br />
</strong><br />
<a data-flickr-embed="true"  href="https://www.flickr.com/photos/171597687@N06/albums/72157708785303592" title="Fruehjahrslauf 2019"><img loading="lazy" decoding="async" src="https://live.staticflickr.com/65535/47937744818_658837d94f_z.jpg" width="427" height="640" alt="Fruehjahrslauf 2019"/></a><script async src="//embedr.flickr.com/assets/client-code.js" charset="utf-8"></script></p>
<p>Lauf Event, Lauf Veranstaltung, Laufveranstaltung in Weilersbach, Landkreis Forchheim, Oberfranken, Fränkische Schweiz</p>

<p>6. Weilersbacher Frühjahrslauf (10.05.2020) Liebe Lauffreunde, der inzwischen 6. Weilersbacher Frühjahrslauf würde bald stattfinden. Aufgrund der aktuellen Situation und der derzeitigen Ausbreitung des Corona Virus (COVID-19) müssen wir diesen jedoch &hellip; </p>
