{"id":3785,"date":"2015-05-25T18:39:30","date_gmt":"2015-05-25T16:39:30","guid":{"rendered":"http:\/\/www.ffw-weilersbach.de\/wordpress\/?page_id=3785"},"modified":"2015-08-02T23:21:02","modified_gmt":"2015-08-02T21:21:02","slug":"laufteam-unterwegs","status":"publish","type":"page","link":"https:\/\/ffw-weilersbach.de\/wordpress\/laufteam-ffw\/laufteam-unterwegs","title":{"rendered":"Laufteam unterwegs"},"content":{"rendered":"<h2><\/h2>\n<h2><span style=\"text-decoration: underline;\"><strong>Laufteam unterwegs &#8211; Dreik\u00f6nigslauf Kersbach<\/strong><\/span><\/h2>\n<p>&nbsp;<\/p>\n<p>Nach gut 3 monatiger Vorbereitung war es am 06.01.14 soweit. Das Laufteam FFW Weilersbach trat zum ersten Mal zu einem offiziellen Wettkampf an. Insgesamt 5 Teilnehmer waren ausgestattet mit &#8222;Feuerwehrm\u00fctzen&#8220; am Start.<\/p>\n<p>Die \u00e4u\u00dferen Bedingungen waren absolut in Ordnung (ca. +5 Grad und trocken) und die Organisation durch die DJK Kersbach lies nichts zu w\u00fcnschen \u00fcbrig.<br \/>\nStart\/Ziel befand sich am Sportheim und die Strecke ging zun\u00e4chst quer durch Kersbach und dann an der Bahnlinie entlang au\u00dferhalb von Kersbach. Eine Runde betrug 3km. Dies ist f\u00fcr Zuschauer und L\u00e4ufer beiderseits sch\u00f6n, da man sich des \u00d6fteren trifft. Auch aus Weilersbach war Unterst\u00fctzung an der Strecke und die Anfeuerungsrufe trieben die L\u00e4ufer zus\u00e4tzlich an.<\/p>\n<p>Am 6 km Lauf nahmen Jonas Saffer und Sebastian Pfeufer teil. Beim 12km Hauptlauf waren Patrick Wunner, Herbert Hack und Stephan Hack im Namen der FFW unterwegs. Zudem war der erfahrene Langstreckenl\u00e4ufer Roland Dauer aus Weilersbach am Start, der beim Hauptlauf die j\u00fcngeren FFW\u00b4ler lange Zeit &#8222;mitgezogen&#8220; hatte.<br \/>\nDie Erwartungshaltung war im Vorfeld nicht allzu hoch, da man sich ja noch in der Anfangsphase des gemeinsamen Laufens befindet. Umso erfreulicher war es, dass alle 5 Feuerwehrler Ihre Erwartungen \u00fcbertrafen und wirklich tolle Leistungen ablieferten. Der Spa\u00dffaktor war richtig hoch und am Abend wurde der sportliche Erfolg beim gemeinsamen Beisammensein gefeiert.<\/p>\n<p>Noch am selben Abend meldeten sich die FFW\u00b4ler f\u00fcr den n\u00e4chsten Lauf an. Dieser steigt am 25.05.14 in Bayreuth beim &#8222;Maisel\u00b4s Fun Run&#8220;.<\/p>\n<p>Es ist schon abzusehen, dass hier die Teilnehmerzahl aus FFW Kreisen weiter ansteigt und bei den Trainingseinheiten konnte schon einige Newcomer begr\u00fc\u00dft werden.<br \/>\nDieser Trend ist sehr erfreulich und die Fitness kann f\u00fcr den Feuerwehr Dienst nur positiv sein!<\/p>\n<p>Bei Interesse und Fragen, k\u00f6nnen Stephan Hack oder die Kommandanten kontaktiert werden.<\/p>\nngg_shortcode_0_placeholder\n<h2><\/h2>\n<h2><strong><span style=\"text-decoration: underline;\">Laufteam FFW unterwegs &#8211; Maisel\u00b4s FunRun in Bayreuth<\/span><\/strong><\/h2>\n<p>&nbsp;<\/p>\n<p>Am 25.05. nahm eine 8 k\u00f6pfige Gruppe des Laufteams FFW Weilersbach am<br \/>\nMaisel\u00b4s FunRun in Bayreuth teil.<br \/>\nBei bestem Wetter und mit einer Rekordteilnehmerzahl von \u00fcber 2500 L\u00e4ufern<br \/>\nging es durch die historische Altstadt.<br \/>\nViele Zuschauer waren gekommen, um die L\u00e4ufer zu unterst\u00fctzen und es gab<br \/>\nkaum einen Streckenabschnitt, bei dem es keinen motivierenden Applaus gab.<br \/>\nZum ersten Mal waren die Feuerwehrler in den neuen Outfits unterwegs. Hier<br \/>\ngilt der besondere Dank den Sponsoren Volksbank Forchheim eG, Fotodesign Sylvia Bauernschmitt Gasseldorf und<br \/>\nLothar\u00b4s Sport Ecke Ebermannstadt.<br \/>\nBesonders Highlight f\u00fcr die L\u00e4ufer der FFW war der Zieleinlauf, bei dem die Weilersbacher Zuschauer die Feuerwehrsirene erklingen lie\u00dfen, sobald ein Feuerwehrler zu sehen war.<br \/>\nIm Anschluss an die L\u00e4ufe war das Team dann noch im Maisel\u00b4s Festzelt zur<br \/>\nSt\u00e4rkung und Nachbereitung der L\u00e4ufe!<br \/>\n\u00dcber die Viertelmarathonstrecke waren Markus Friedel, Marcel Gath, Stephan<br \/>\nHack, Jonas Saffer, Sebastian Pfeufer und Patrick Wunner am Start.<br \/>\nDen Halbmarathon absolvierten Roland Dauer und Herbert Hack.<br \/>\nDie exakten Ergebnisse sind unter folgendem Link ersichtlich:<br \/>\nhttp:\/\/bayreuth.r.mikatiming.de\/2014\/<\/p>\n<p>Den n\u00e4chsten gemeinsamen Lauf wollen die FFW\u00b4ler Ende Juli in Neunkirchen<br \/>\nabsolvieren und bis zum FS Marathon steht dann Anfang September vor der<br \/>\nT\u00fcr.<br \/>\nNat\u00fcrlich sind neue laufbegeisterte Mitglieder im Kreise des Laufteams<br \/>\njederzeit willkommen!<\/p>\nngg_shortcode_1_placeholder\n<h2><\/h2>\n<h2><span style=\"text-decoration: underline;\"><strong>Laufteam FFW unterwegs &#8211; Laufteam FFW beim Fr\u00e4nkische Schweiz Marathon<\/strong><\/span><\/h2>\n<p>&nbsp;<\/p>\n<p>Erstmals in der Geschichte der FFW Weilersbach beschr\u00e4nkte sich die aktive<br \/>\nTeilnahme am FSM Marathon nicht nur auf das Absperren der beiden Weilersbacher Kreuzugen an der B470.<br \/>\nEs nahmen n\u00e4mlich 9 Mitglieder der FFW auch am Laufgeschehen teil.<br \/>\n\u00dcber die Strecke von 16km waren von Forchheim nach Ebermannstadt folgende<br \/>\nL\u00e4ufer unterwegs:<br \/>\nChristian Bierfelder, Roland Dauer, Carola Gath, Herbert Hack, Ludwig<br \/>\nHack, Stephan Hack, Sebastian Pfeufer, Patrick Wunner und 1. Kommandant<br \/>\nWolfgang Wunner.<br \/>\nUnter Blaulicht und Sirenengeheul wurden die L\u00e4ufer bei der Durchquerung<br \/>\nvon Weilersbach empfangen und es entstand bei jedem der Teilnehmer<br \/>\nG\u00e4nsehautfeeling, ob der gro\u00dfen Euphorie in der Heimat!<br \/>\nEin besonderes Highlight war die Ankunft der ersten Feuerwehrdame im<br \/>\nLaufteam Carola Gath, die unter Spalier der M\u00e4nner und separater Ansage<br \/>\ndes offiziellen Marathonsprechers in Ziel begleitet wurde.<br \/>\nAlle Teilnehmer zeigten bei hei\u00dfen Temperaturen super Leistungen und man<br \/>\ndarf schon stolz auf die Truppe sein! Die lange Vorbereitung hat sich in<br \/>\njedem Falle bezahlt gemacht.<br \/>\nIm Anschluss an den Lauf gab es noch einen Einkehrschwung bei der<br \/>\nbefreundeten FFW in R\u00fcssenbach und den ereignisreichen Tag lie\u00df man<br \/>\ngemeinsam beim Backofenfest des Heimat- und Trachtenvereins in Weilersbach<br \/>\nausklingen.<br \/>\nNat\u00fcrlich sind auch weiterhin lauffreudige Interessenten beim Laufteam<br \/>\nherzlich willkommen.<br \/>\nAls n\u00e4chsten Lauf hat man den Herbstlauf in Heroldsbach ins Auge<br \/>\ngefasst&#8230;<\/p>\nngg_shortcode_2_placeholder\n<p>&nbsp;<\/p>\n<h2><strong><span style=\"text-decoration: underline;\">Laufteam FFW unterwegs -Weltkulturerbelauf Bamberg<\/span><\/strong><\/h2>\n<p>&nbsp;<\/p>\n<p>Laufteam FFW beim Weltkulturerbelauf in Bamberg!<\/p>\n<p>Am 3. Mai 2015\u00a0 waren 9 Mitglieder des Laufteam beim WKE am Start. \u00dcber die Strecke von 10,9km bzw. die Halbmarathon Distanz ging es durch die historische Altstadt von Bamberg. Trotz leichtem Regen, war es ein super organisierter Lauf mit einem super Publikum entlang der Strecken. Alle L\u00e4ufer kamen ins Ziel, auch wenn die H\u00f6henunterschiede alles abverlangt haben. Beim 10,9 km Lauf war unser Kommandant mit den Bayreuther Freunden unterwegs, die auch diesmal wieder mit Schutzanzug und Atemschutzger\u00e4t am Start waren!<\/p>\nngg_shortcode_3_placeholder\n<p>&nbsp;<\/p>\n<h2><span style=\"color: #000000;\"><a style=\"color: #000000;\" title=\"Laufteam unterwegs \u2013 Brandbachlauf in Neunkirchen\" href=\"http:\/\/www.ffw-weilersbach.de\/wordpress\/?p=3894\">Laufteam FFW unterwegs \u2013 Brandbachlauf in Neunkirchen<\/a><\/span><\/h2>\n<h4>Am 26. Juli 2015 nahmen 6 L\u00e4ufer des Laufteam FFW beim Brandbachlauf in Neunkirchen teil. Zum ersten Mal in der noch jungen Geschichte gab es auch einen Podest Platz! Roland Dauer wurde \u00fcber die 4km 2. und durfte sich \u00fcber eine Sporttasche freuen. Die tollen Ergebnisse \u00fcber die 4 km rundeten Sebastian Pfeufer und Rainer Apelt ab! \u00dcber die 10km setzten Stephan Hack, Jonas Saffer und J\u00fcrgen Gath Ausrufezeichen bei super Laufbedingungen. Die FFW Neunkirchen stellte auch erstmals ein Team mit 10 Mann. Sch\u00f6n das hier unser Team auch Anreize f\u00fcr andere Feuerwehrleute geschafft hat, denn die Idee kam beim letztj\u00e4hrigen Lauf, als wir erstmals teilnahmen! N\u00e4chster gro\u00dfer Auftritt wird der FS Marathon sein. Aktuell sind 4 Staffelteams geplant und in Summe sieht es nach einer starken Truppe aus!<\/h4>\nngg_shortcode_4_placeholder\n<h2><\/h2>\n","protected":false},"excerpt":{"rendered":"<p>Laufteam unterwegs &#8211; Dreik\u00f6nigslauf Kersbach &nbsp; Nach gut 3 monatiger Vorbereitung war es am 06.01.14 soweit. Das Laufteam FFW Weilersbach trat zum ersten Mal zu einem offiziellen Wettkampf an. Insgesamt &hellip; <\/p>\n","protected":false},"author":1,"featured_media":0,"parent":3782,"menu_order":0,"comment_status":"closed","ping_status":"closed","template":"","meta":{"ngg_post_thumbnail":0,"footnotes":""},"class_list":["post-3785","page","type-page","status-publish","hentry"],"_links":{"self":[{"href":"https:\/\/ffw-weilersbach.de\/wordpress\/wp-json\/wp\/v2\/pages\/3785","targetHints":{"allow":["GET"]}}],"collection":[{"href":"https:\/\/ffw-weilersbach.de\/wordpress\/wp-json\/wp\/v2\/pages"}],"about":[{"href":"https:\/\/ffw-weilersbach.de\/wordpress\/wp-json\/wp\/v2\/types\/page"}],"author":[{"embeddable":true,"href":"https:\/\/ffw-weilersbach.de\/wordpress\/wp-json\/wp\/v2\/users\/1"}],"replies":[{"embeddable":true,"href":"https:\/\/ffw-weilersbach.de\/wordpress\/wp-json\/wp\/v2\/comments?post=3785"}],"version-history":[{"count":7,"href":"https:\/\/ffw-weilersbach.de\/wordpress\/wp-json\/wp\/v2\/pages\/3785\/revisions"}],"predecessor-version":[{"id":3897,"href":"https:\/\/ffw-weilersbach.de\/wordpress\/wp-json\/wp\/v2\/pages\/3785\/revisions\/3897"}],"up":[{"embeddable":true,"href":"https:\/\/ffw-weilersbach.de\/wordpress\/wp-json\/wp\/v2\/pages\/3782"}],"wp:attachment":[{"href":"https:\/\/ffw-weilersbach.de\/wordpress\/wp-json\/wp\/v2\/media?parent=3785"}],"curies":[{"name":"wp","href":"https:\/\/api.w.org\/{rel}","templated":true}]}}