{"id":13850,"date":"2026-01-27T07:36:10","date_gmt":"2026-01-27T06:36:10","guid":{"rendered":"https:\/\/ffw-weilersbach.de\/wordpress\/?page_id=13850"},"modified":"2026-04-12T15:33:10","modified_gmt":"2026-04-12T13:33:10","slug":"fruehjahrslauf-2026","status":"publish","type":"page","link":"https:\/\/ffw-weilersbach.de\/wordpress\/fruehjahrslauf-2026","title":{"rendered":"Fr\u00fchjahrslauf 2026"},"content":{"rendered":"<p><strong>10. Weilersbacher Fr\u00fchjahrslauf (Sonntag, 12.04.2026)<\/strong><\/p>\n<h1><a href=\"https:\/\/www.wkm-iad.de\/wk_ergebnisse.php?wknr=372\" target=\"_blank\" rel=\"noopener\"><strong>Ergebnisse<\/strong><\/a><\/h1>\nngg_shortcode_0_placeholder\n<p>Am Sonntag, den 12. April 2026 richtet die Feuerwehr Weilersbach den 10. Weilersbacher Fr\u00fchjahrslauf im Jubil\u00e4umsjahr aus. An diesem Lauf kann nat\u00fcrlich jeder teilnehmen, nicht nur Feuerwehren.<\/p>\n<p><em>Wer sich innerhalb der offiziellen Anmeldezeit f\u00fcr den Lauf anmeldet erh\u00e4lt eine personalisierte Startnummer.<\/em><\/p>\n<p>Achtung: Dieses Jahr wird es eine kleine Strecken\u00e4nderung geben. Sobald wir die offizielle Freigabe haben, werden wir euch hier dar\u00fcber informieren.<\/p>\n<p><strong>Ausschreibung<\/strong><\/p>\n<p><a href=\"https:\/\/ffw-weilersbach.de\/wordpress\/wp-content\/uploads\/2026\/01\/Ausschreibung-Weilersbachlauf-2026.pdf\" target=\"_blank\" rel=\"noopener\">Ausschreibung-Fruehjahrslauf-2026<\/a><\/p>\n<p><a href=\"https:\/\/ffw-weilersbach.de\/wordpress\/laufteam-ffw\/fruehjahrslauf-2\/fruehjahrslauf-2019\/datenschutzerklaerun-fruehjahrslauf\">Datenschutzerkl\u00e4rung<\/a><\/p>\n<p><strong>Anmeldung<\/strong><\/p>\n<p><a href=\"https:\/\/www.wkm-iad.de\/fjl26_oam.php\" target=\"_blank\" rel=\"noopener\">Link zur Anmeldung<\/a><\/p>\n<p><a href=\"https:\/\/www.wkm-iad.de\/wk_teilnehmer.php?wknr=372\" target=\"_blank\" rel=\"noopener\">Link zur Teilnehmerliste<\/a><\/p>\n<p><strong>Streckenbeschreibung<\/strong><\/p>\n<p id=\"isPasted\" class=\"default\"><span style=\"font-size: 1rem;\">Wir haben zugeh\u00f6rt. Und dann haben wir angepackt.<\/span><\/p>\n<p class=\"default\">Zum Jubil\u00e4um des 10. Weilersbacher Fr\u00fchjahrslaufs wollten wir nicht einfach nur feiern \u2013 wir wollten auch besser werden. Deshalb gibt es in diesem Jahr eine \u00fcberarbeitete Strecke, die es in sich hat. Oder besser gesagt: die einiges herausgenommen hat.<\/p>\n<p class=\"default\"><strong>?? Er ist weg. Der Steilhang ist weg.<\/strong><\/p>\n<p class=\"default\">Ja, ihr habt richtig gelesen. Der ber\u00fchmte \u2013 oder ber\u00fcchtigte? \u2013 Steilhang (Kindergartenberg)&nbsp;geh\u00f6rt der Geschichte an. Manche haben ihn geliebt (ihr wisst, wer ihr seid). Die meisten haben ihn&#8230; sagen wir&#8230; respektiert. Aber zum Jubil\u00e4um schenken wir euch Pace statt Qual: Der Anstieg wurde aus der Strecke genommen und durch einen fairen, fl\u00fcssigen Abschnitt ersetzt.<\/p>\n<p class=\"default\">Wer jetzt sagt \u201eAber genau deswegen bin ich immer mitgelaufen!&#8220; \u2013 keine Sorge, die Herausforderung bleibt. Versprochen, die Beine werden trotzdem brennen.<\/p>\n<p class=\"default\"><strong>? Klarerer Wechselbereich \u2013 mehr Flow, weniger Chaos<\/strong><\/p>\n<p class=\"default\">Wer die letzten Jahre dabei war, kennt den Moment im Wechselbereich: 6-km-L\u00e4ufer auf dem R\u00fcckweg, 10-km-L\u00e4ufer auf die n\u00e4chste Runde \u2013 und mittendrin die Frage: \u201eWo lang jetzt eigentlich?&#8220; Auch das haben wir gel\u00f6st. Der Wechselbereich wurde deutlich vereinfacht, sodass jeder intuitiv seinen Weg findet \u2013 und ihr euch voll auf euer Tempo konzentrieren k\u00f6nnt.<\/p>\n<p class=\"default\"><strong>?? Sicherheit geht vor<\/strong><\/p>\n<p class=\"default\">Eine Stelle auf der bisherigen Strecke war uns schon l\u00e4nger ein Dorn im Auge. Wir haben sie entsch\u00e4rft. Punkt. Kein gro\u00dfes Aufheben \u2013 aber ein wichtiger Schritt, damit ihr euch voll auf den Lauf einlassen k\u00f6nnt.<\/p>\n<p><img loading=\"lazy\" decoding=\"async\" class=\"alignnone size-full wp-image-13911\" src=\"https:\/\/ffw-weilersbach.de\/wordpress\/wp-content\/uploads\/2026\/03\/Streckenfuehrung-Fruehjahrslauf.jpg\" alt=\"\" width=\"1280\" height=\"720\" srcset=\"https:\/\/ffw-weilersbach.de\/wordpress\/wp-content\/uploads\/2026\/03\/Streckenfuehrung-Fruehjahrslauf.jpg 1280w, https:\/\/ffw-weilersbach.de\/wordpress\/wp-content\/uploads\/2026\/03\/Streckenfuehrung-Fruehjahrslauf-300x169.jpg 300w, https:\/\/ffw-weilersbach.de\/wordpress\/wp-content\/uploads\/2026\/03\/Streckenfuehrung-Fruehjahrslauf-700x394.jpg 700w, https:\/\/ffw-weilersbach.de\/wordpress\/wp-content\/uploads\/2026\/03\/Streckenfuehrung-Fruehjahrslauf-768x432.jpg 768w\" sizes=\"auto, (max-width: 1280px) 100vw, 1280px\" \/><\/p>\n","protected":false},"excerpt":{"rendered":"<p>10. Weilersbacher Fr\u00fchjahrslauf (Sonntag, 12.04.2026) Ergebnisse &nbsp; Am Sonntag, den 12. April 2026 richtet die Feuerwehr Weilersbach den 10. Weilersbacher Fr\u00fchjahrslauf im Jubil\u00e4umsjahr aus. An diesem Lauf kann nat\u00fcrlich jeder &hellip; <\/p>\n","protected":false},"author":9,"featured_media":0,"parent":0,"menu_order":0,"comment_status":"closed","ping_status":"closed","template":"","meta":{"ngg_post_thumbnail":0,"footnotes":""},"class_list":["post-13850","page","type-page","status-publish","hentry"],"_links":{"self":[{"href":"https:\/\/ffw-weilersbach.de\/wordpress\/wp-json\/wp\/v2\/pages\/13850","targetHints":{"allow":["GET"]}}],"collection":[{"href":"https:\/\/ffw-weilersbach.de\/wordpress\/wp-json\/wp\/v2\/pages"}],"about":[{"href":"https:\/\/ffw-weilersbach.de\/wordpress\/wp-json\/wp\/v2\/types\/page"}],"author":[{"embeddable":true,"href":"https:\/\/ffw-weilersbach.de\/wordpress\/wp-json\/wp\/v2\/users\/9"}],"replies":[{"embeddable":true,"href":"https:\/\/ffw-weilersbach.de\/wordpress\/wp-json\/wp\/v2\/comments?post=13850"}],"version-history":[{"count":10,"href":"https:\/\/ffw-weilersbach.de\/wordpress\/wp-json\/wp\/v2\/pages\/13850\/revisions"}],"predecessor-version":[{"id":14320,"href":"https:\/\/ffw-weilersbach.de\/wordpress\/wp-json\/wp\/v2\/pages\/13850\/revisions\/14320"}],"wp:attachment":[{"href":"https:\/\/ffw-weilersbach.de\/wordpress\/wp-json\/wp\/v2\/media?parent=13850"}],"curies":[{"name":"wp","href":"https:\/\/api.w.org\/{rel}","templated":true}]}}