{"id":10100,"date":"2023-12-19T16:15:31","date_gmt":"2023-12-19T15:15:31","guid":{"rendered":"https:\/\/ffw-weilersbach.de\/wordpress\/?page_id=10100"},"modified":"2025-01-06T13:10:46","modified_gmt":"2025-01-06T12:10:46","slug":"fruehjahrslauf-2024","status":"publish","type":"page","link":"https:\/\/ffw-weilersbach.de\/wordpress\/laufteam-ffw\/fruehjahrslauf-2\/fruehjahrslauf-2024","title":{"rendered":"Fr\u00fchjahrslauf 2024"},"content":{"rendered":"<p><strong>8. Weilersbacher Fr\u00fchjahrslauf (Samstag, 27.04.2024)<\/strong><\/p>\n<p>&nbsp;<\/p>\n<h1><strong><a href=\"https:\/\/www.wkm-iad.de\/wk_ergebnisse.php?wknr=325\" target=\"_blank\" rel=\"noopener\">Ergebnisse<\/a><\/strong><\/h1>\n<p>&nbsp;<\/p>\nngg_shortcode_0_placeholder\n<p>&nbsp;<\/p>\n<p>&nbsp;<\/p>\n<p>Am Samstag, den 27. April 2024 richtet die Feuerwehr Weilersbach den 8. Weilersbacher Fr\u00fchjahrslauf aus. An diesem Lauf kann nat\u00fcrlich jeder teilnehmen, nicht nur Feuerwehren.<\/p>\n<p><em>Wer sich innerhalb der offiziellen Anmeldezeit f\u00fcr den Lauf anmeldet erh\u00e4lt eine personalisierte Startnummer.<\/em><\/p>\n<p><strong>Ausschreibung<\/strong><\/p>\n<p><a href=\"https:\/\/ffw-weilersbach.de\/fruehjahrslauf\/Ausschreibung-Fruehjahrslauf-24.pdf\" target=\"_blank\" rel=\"noopener\">Ausschreibung-Fruehjahrslauf<\/a><\/p>\n<h1><strong>Anmeldung<\/strong><\/h1>\n<p><a href=\"https:\/\/www.wkm-iad.de\/fjl24_oam.php?wknr=325\">Anmeldung 8. Weilersbacher Fr\u00fchjahrslauf<\/a><\/p>\n<p><a href=\"http:\/\/www.wkm-iad.de\/wk_teilnehmer.php?wknr=325\">Teilnehmerliste<\/a><\/p>\n<p><strong>Streckenbeschreibung<\/strong><\/p>\n<p>F\u00fcr die Haupl\u00e4ufe, 6km, 10km und Nordic Walking, gibt es einen Rundkurs durch Weilersbach. Dazu z\u00e4hlt ein 1km langer Anlauf sowie ein 1km langer Auslauf. Eine Runde betr\u00e4gt 4 km, somit muss diese beim 6km Lauf und beim Nordic Walking einmal und beim 10km Lauf zweimal bew\u00e4ltigt werden.<\/p>\n<p><a title=\"Streckenbeschreibung\" href=\"http:\/\/fruehjahrslauf.ffw-weilersbach.de\/Streckenbeschreibung.pdf\" target=\"_blank\" rel=\"noopener noreferrer\">Streckenbeschreibung<\/a><\/p>\n<p><strong>Partnerl\u00e4ufe<\/strong><\/p>\n<p><a href=\"https:\/\/www.wiesent-challenge.de\/\" target=\"_blank\" rel=\"noopener\">Wiesent Challenge<\/a><\/p>\n<p><a href=\"https:\/\/www.neunkirchner-sommerlauf.de\/\" target=\"_blank\" rel=\"noopener\">Neunkirchner Sommerlauf<\/a><\/p>\n<p><strong>Sponsoren<\/strong><\/p>\n<p><img loading=\"lazy\" decoding=\"async\" class=\"alignnone size-full wp-image-10187\" src=\"https:\/\/ffw-weilersbach.de\/wordpress\/wp-content\/uploads\/2024\/03\/Screenshot-2024-03-22-083857.png\" alt=\"\" width=\"546\" height=\"748\" srcset=\"https:\/\/ffw-weilersbach.de\/wordpress\/wp-content\/uploads\/2024\/03\/Screenshot-2024-03-22-083857.png 546w, https:\/\/ffw-weilersbach.de\/wordpress\/wp-content\/uploads\/2024\/03\/Screenshot-2024-03-22-083857-219x300.png 219w\" sizes=\"auto, (max-width: 546px) 100vw, 546px\" \/><\/p>\n","protected":false},"excerpt":{"rendered":"<p>8. Weilersbacher Fr\u00fchjahrslauf (Samstag, 27.04.2024) &nbsp; Ergebnisse &nbsp; &nbsp; &nbsp; &nbsp; Am Samstag, den 27. April 2024 richtet die Feuerwehr Weilersbach den 8. Weilersbacher Fr\u00fchjahrslauf aus. An diesem Lauf kann &hellip; <\/p>\n","protected":false},"author":9,"featured_media":0,"parent":12592,"menu_order":0,"comment_status":"closed","ping_status":"closed","template":"","meta":{"ngg_post_thumbnail":0,"footnotes":""},"class_list":["post-10100","page","type-page","status-publish","hentry"],"_links":{"self":[{"href":"https:\/\/ffw-weilersbach.de\/wordpress\/wp-json\/wp\/v2\/pages\/10100","targetHints":{"allow":["GET"]}}],"collection":[{"href":"https:\/\/ffw-weilersbach.de\/wordpress\/wp-json\/wp\/v2\/pages"}],"about":[{"href":"https:\/\/ffw-weilersbach.de\/wordpress\/wp-json\/wp\/v2\/types\/page"}],"author":[{"embeddable":true,"href":"https:\/\/ffw-weilersbach.de\/wordpress\/wp-json\/wp\/v2\/users\/9"}],"replies":[{"embeddable":true,"href":"https:\/\/ffw-weilersbach.de\/wordpress\/wp-json\/wp\/v2\/comments?post=10100"}],"version-history":[{"count":9,"href":"https:\/\/ffw-weilersbach.de\/wordpress\/wp-json\/wp\/v2\/pages\/10100\/revisions"}],"predecessor-version":[{"id":12238,"href":"https:\/\/ffw-weilersbach.de\/wordpress\/wp-json\/wp\/v2\/pages\/10100\/revisions\/12238"}],"up":[{"embeddable":true,"href":"https:\/\/ffw-weilersbach.de\/wordpress\/wp-json\/wp\/v2\/pages\/12592"}],"wp:attachment":[{"href":"https:\/\/ffw-weilersbach.de\/wordpress\/wp-json\/wp\/v2\/media?parent=10100"}],"curies":[{"name":"wp","href":"https:\/\/api.w.org\/{rel}","templated":true}]}}