{"id":9810,"date":"2023-06-30T15:48:00","date_gmt":"2023-06-30T13:48:00","guid":{"rendered":"https:\/\/ffw-weilersbach.de\/wordpress\/?post_type=einsatz&#038;p=9810"},"modified":"2023-07-01T21:04:25","modified_gmt":"2023-07-01T19:04:25","slug":"verkehrsunfall-am-30-06-2023","status":"publish","type":"einsatz","link":"https:\/\/ffw-weilersbach.de\/wordpress\/archive\/einsaetze\/verkehrsunfall-am-30-06-2023","title":{"rendered":"Verkehrsunfall am 30.06.2023"},"content":{"rendered":"<p><span class=\"x193iq5w xeuugli x13faqbe x1vvkbs x1xmvt09 x1lliihq x1s928wv xhkezso x1gmr53x x1cpjm7i x1fgarty x1943h6x xudqn12 x3x7a5m x6prxxf xvq8zen xo1l8bm xzsf02u\" dir=\"auto\">Am 30.06.2023 wurden wir gegen 15:48 Uhr zu einem Verkehrsunfall auf der Verbindungsstra\u00dfe FO 11 zwischen Weilersbach und Rettern gerufen. Das verunfallte Fahrzeug kam von der Stra\u00dfe ab und landete, auf der Seite liegend, im Stra\u00dfengraben.&nbsp; Nachdem sich die Insassen schon selbst aus dem Auto befreit hatten, sicherten wir das Fahrzeugs sperrten die Stra\u00dfe und warteten auf den Abschleppdienst. Nach 2,5 Stunden waren alle ausr\u00fcckenden Fahrzeuge zur\u00fcck im Ger\u00e4tehaus.<br \/>\n<\/span><\/p>\n<p><a href=\"https:\/\/ffw-weilersbach.de\/wordpress\/wp-content\/uploads\/2023\/07\/Unbcvxccxenannt.jpg\"><img loading=\"lazy\" decoding=\"async\" class=\"aligncenter wp-image-9814 size-medium\" src=\"https:\/\/ffw-weilersbach.de\/wordpress\/wp-content\/uploads\/2023\/07\/Unbcvxccxenannt-225x300.jpg\" alt=\"\" width=\"225\" height=\"300\" srcset=\"https:\/\/ffw-weilersbach.de\/wordpress\/wp-content\/uploads\/2023\/07\/Unbcvxccxenannt-225x300.jpg 225w, https:\/\/ffw-weilersbach.de\/wordpress\/wp-content\/uploads\/2023\/07\/Unbcvxccxenannt-700x933.jpg 700w, https:\/\/ffw-weilersbach.de\/wordpress\/wp-content\/uploads\/2023\/07\/Unbcvxccxenannt-768x1024.jpg 768w, https:\/\/ffw-weilersbach.de\/wordpress\/wp-content\/uploads\/2023\/07\/Unbcvxccxenannt-1152x1536.jpg 1152w, https:\/\/ffw-weilersbach.de\/wordpress\/wp-content\/uploads\/2023\/07\/Unbcvxccxenannt.jpg 1512w\" sizes=\"auto, (max-width: 225px) 100vw, 225px\" \/><\/a><\/p>\n<p><a href=\"https:\/\/ffw-weilersbach.de\/wordpress\/wp-content\/uploads\/2023\/07\/Unbecvxvcvcxnannt.jpg\"><img loading=\"lazy\" decoding=\"async\" class=\"aligncenter wp-image-9812 size-medium\" src=\"https:\/\/ffw-weilersbach.de\/wordpress\/wp-content\/uploads\/2023\/07\/Unbecvxvcvcxnannt-225x300.jpg\" alt=\"\" width=\"225\" height=\"300\" srcset=\"https:\/\/ffw-weilersbach.de\/wordpress\/wp-content\/uploads\/2023\/07\/Unbecvxvcvcxnannt-225x300.jpg 225w, https:\/\/ffw-weilersbach.de\/wordpress\/wp-content\/uploads\/2023\/07\/Unbecvxvcvcxnannt-700x933.jpg 700w, https:\/\/ffw-weilersbach.de\/wordpress\/wp-content\/uploads\/2023\/07\/Unbecvxvcvcxnannt-768x1024.jpg 768w, https:\/\/ffw-weilersbach.de\/wordpress\/wp-content\/uploads\/2023\/07\/Unbecvxvcvcxnannt-1152x1536.jpg 1152w, https:\/\/ffw-weilersbach.de\/wordpress\/wp-content\/uploads\/2023\/07\/Unbecvxvcvcxnannt.jpg 1512w\" sizes=\"auto, (max-width: 225px) 100vw, 225px\" \/><\/a><\/p>\n<p><a href=\"https:\/\/ffw-weilersbach.de\/wordpress\/wp-content\/uploads\/2023\/07\/Unbencxvvvvvvvvxannt.jpg\"><img loading=\"lazy\" decoding=\"async\" class=\"aligncenter wp-image-9815 size-medium\" src=\"https:\/\/ffw-weilersbach.de\/wordpress\/wp-content\/uploads\/2023\/07\/Unbencxvvvvvvvvxannt-225x300.jpg\" alt=\"\" width=\"225\" height=\"300\" srcset=\"https:\/\/ffw-weilersbach.de\/wordpress\/wp-content\/uploads\/2023\/07\/Unbencxvvvvvvvvxannt-225x300.jpg 225w, https:\/\/ffw-weilersbach.de\/wordpress\/wp-content\/uploads\/2023\/07\/Unbencxvvvvvvvvxannt-700x933.jpg 700w, https:\/\/ffw-weilersbach.de\/wordpress\/wp-content\/uploads\/2023\/07\/Unbencxvvvvvvvvxannt-768x1024.jpg 768w, https:\/\/ffw-weilersbach.de\/wordpress\/wp-content\/uploads\/2023\/07\/Unbencxvvvvvvvvxannt-1152x1536.jpg 1152w, https:\/\/ffw-weilersbach.de\/wordpress\/wp-content\/uploads\/2023\/07\/Unbencxvvvvvvvvxannt.jpg 1512w\" sizes=\"auto, (max-width: 225px) 100vw, 225px\" \/><\/a><\/p>\n<p><a href=\"https:\/\/ffw-weilersbach.de\/wordpress\/wp-content\/uploads\/2023\/07\/Unbecvcvcnannt.jpg\"><img loading=\"lazy\" decoding=\"async\" class=\"aligncenter wp-image-9813 size-medium\" src=\"https:\/\/ffw-weilersbach.de\/wordpress\/wp-content\/uploads\/2023\/07\/Unbecvcvcnannt-225x300.jpg\" alt=\"\" width=\"225\" height=\"300\" srcset=\"https:\/\/ffw-weilersbach.de\/wordpress\/wp-content\/uploads\/2023\/07\/Unbecvcvcnannt-225x300.jpg 225w, https:\/\/ffw-weilersbach.de\/wordpress\/wp-content\/uploads\/2023\/07\/Unbecvcvcnannt-700x933.jpg 700w, https:\/\/ffw-weilersbach.de\/wordpress\/wp-content\/uploads\/2023\/07\/Unbecvcvcnannt-768x1024.jpg 768w, https:\/\/ffw-weilersbach.de\/wordpress\/wp-content\/uploads\/2023\/07\/Unbecvcvcnannt-1152x1536.jpg 1152w, https:\/\/ffw-weilersbach.de\/wordpress\/wp-content\/uploads\/2023\/07\/Unbecvcvcnannt.jpg 1512w\" sizes=\"auto, (max-width: 225px) 100vw, 225px\" \/><\/a><\/p>\n","protected":false},"author":1,"featured_media":9814,"template":"","meta":{"ngg_post_thumbnail":0,"einsatz_weight":1,"footnotes":""},"categories":[2],"tags":[38],"einsatzart":[32],"fahrzeug":[35,34,37,36],"exteinsatzmittel":[],"alarmierungsart":[43,45,42,46],"evw_unit":[],"class_list":["post-9810","einsatz","type-einsatz","status-publish","has-post-thumbnail","hentry","category-einsatz","tag-thl1","einsatzart-thl","fahrzeug-lf-20-16","fahrzeug-lf-8-6","fahrzeug-mtw","fahrzeug-mzf","alarmierungsart-handyapp","alarmierungsart-pager","alarmierungsart-sirene","alarmierungsart-sms"],"_links":{"self":[{"href":"https:\/\/ffw-weilersbach.de\/wordpress\/wp-json\/wp\/v2\/einsatz\/9810","targetHints":{"allow":["GET"]}}],"collection":[{"href":"https:\/\/ffw-weilersbach.de\/wordpress\/wp-json\/wp\/v2\/einsatz"}],"about":[{"href":"https:\/\/ffw-weilersbach.de\/wordpress\/wp-json\/wp\/v2\/types\/einsatz"}],"author":[{"embeddable":true,"href":"https:\/\/ffw-weilersbach.de\/wordpress\/wp-json\/wp\/v2\/users\/1"}],"version-history":[{"count":6,"href":"https:\/\/ffw-weilersbach.de\/wordpress\/wp-json\/wp\/v2\/einsatz\/9810\/revisions"}],"predecessor-version":[{"id":9820,"href":"https:\/\/ffw-weilersbach.de\/wordpress\/wp-json\/wp\/v2\/einsatz\/9810\/revisions\/9820"}],"wp:featuredmedia":[{"embeddable":true,"href":"https:\/\/ffw-weilersbach.de\/wordpress\/wp-json\/wp\/v2\/media\/9814"}],"wp:attachment":[{"href":"https:\/\/ffw-weilersbach.de\/wordpress\/wp-json\/wp\/v2\/media?parent=9810"}],"wp:term":[{"taxonomy":"category","embeddable":true,"href":"https:\/\/ffw-weilersbach.de\/wordpress\/wp-json\/wp\/v2\/categories?post=9810"},{"taxonomy":"post_tag","embeddable":true,"href":"https:\/\/ffw-weilersbach.de\/wordpress\/wp-json\/wp\/v2\/tags?post=9810"},{"taxonomy":"einsatzart","embeddable":true,"href":"https:\/\/ffw-weilersbach.de\/wordpress\/wp-json\/wp\/v2\/einsatzart?post=9810"},{"taxonomy":"fahrzeug","embeddable":true,"href":"https:\/\/ffw-weilersbach.de\/wordpress\/wp-json\/wp\/v2\/fahrzeug?post=9810"},{"taxonomy":"exteinsatzmittel","embeddable":true,"href":"https:\/\/ffw-weilersbach.de\/wordpress\/wp-json\/wp\/v2\/exteinsatzmittel?post=9810"},{"taxonomy":"alarmierungsart","embeddable":true,"href":"https:\/\/ffw-weilersbach.de\/wordpress\/wp-json\/wp\/v2\/alarmierungsart?post=9810"},{"taxonomy":"evw_unit","embeddable":true,"href":"https:\/\/ffw-weilersbach.de\/wordpress\/wp-json\/wp\/v2\/evw_unit?post=9810"}],"curies":[{"name":"wp","href":"https:\/\/api.w.org\/{rel}","templated":true}]}}

<p><span class="x193iq5w xeuugli x13faqbe x1vvkbs x1xmvt09 x1lliihq x1s928wv xhkezso x1gmr53x x1cpjm7i x1fgarty x1943h6x xudqn12 x3x7a5m x6prxxf xvq8zen xo1l8bm xzsf02u" dir="auto">Am 30.06.2023 wurden wir gegen 15:48 Uhr zu einem Verkehrsunfall auf der Verbindungsstraße FO 11 zwischen Weilersbach und Rettern gerufen. Das verunfallte Fahrzeug kam von der Straße ab und landete, auf der Seite liegend, im Straßengraben.&nbsp; Nachdem sich die Insassen schon selbst aus dem Auto befreit hatten, sicherten wir das Fahrzeugs sperrten die Straße und warteten auf den Abschleppdienst. Nach 2,5 Stunden waren alle ausrückenden Fahrzeuge zurück im Gerätehaus.<br />
</span></p>
<p><a href="https://ffw-weilersbach.de/wordpress/wp-content/uploads/2023/07/Unbcvxccxenannt.jpg"><img loading="lazy" decoding="async" class="aligncenter wp-image-9814 size-medium" src="https://ffw-weilersbach.de/wordpress/wp-content/uploads/2023/07/Unbcvxccxenannt-225x300.jpg" alt="" width="225" height="300" srcset="https://ffw-weilersbach.de/wordpress/wp-content/uploads/2023/07/Unbcvxccxenannt-225x300.jpg 225w, https://ffw-weilersbach.de/wordpress/wp-content/uploads/2023/07/Unbcvxccxenannt-700x933.jpg 700w, https://ffw-weilersbach.de/wordpress/wp-content/uploads/2023/07/Unbcvxccxenannt-768x1024.jpg 768w, https://ffw-weilersbach.de/wordpress/wp-content/uploads/2023/07/Unbcvxccxenannt-1152x1536.jpg 1152w, https://ffw-weilersbach.de/wordpress/wp-content/uploads/2023/07/Unbcvxccxenannt.jpg 1512w" sizes="auto, (max-width: 225px) 100vw, 225px" /></a></p>
<p><a href="https://ffw-weilersbach.de/wordpress/wp-content/uploads/2023/07/Unbecvxvcvcxnannt.jpg"><img loading="lazy" decoding="async" class="aligncenter wp-image-9812 size-medium" src="https://ffw-weilersbach.de/wordpress/wp-content/uploads/2023/07/Unbecvxvcvcxnannt-225x300.jpg" alt="" width="225" height="300" srcset="https://ffw-weilersbach.de/wordpress/wp-content/uploads/2023/07/Unbecvxvcvcxnannt-225x300.jpg 225w, https://ffw-weilersbach.de/wordpress/wp-content/uploads/2023/07/Unbecvxvcvcxnannt-700x933.jpg 700w, https://ffw-weilersbach.de/wordpress/wp-content/uploads/2023/07/Unbecvxvcvcxnannt-768x1024.jpg 768w, https://ffw-weilersbach.de/wordpress/wp-content/uploads/2023/07/Unbecvxvcvcxnannt-1152x1536.jpg 1152w, https://ffw-weilersbach.de/wordpress/wp-content/uploads/2023/07/Unbecvxvcvcxnannt.jpg 1512w" sizes="auto, (max-width: 225px) 100vw, 225px" /></a></p>
<p><a href="https://ffw-weilersbach.de/wordpress/wp-content/uploads/2023/07/Unbencxvvvvvvvvxannt.jpg"><img loading="lazy" decoding="async" class="aligncenter wp-image-9815 size-medium" src="https://ffw-weilersbach.de/wordpress/wp-content/uploads/2023/07/Unbencxvvvvvvvvxannt-225x300.jpg" alt="" width="225" height="300" srcset="https://ffw-weilersbach.de/wordpress/wp-content/uploads/2023/07/Unbencxvvvvvvvvxannt-225x300.jpg 225w, https://ffw-weilersbach.de/wordpress/wp-content/uploads/2023/07/Unbencxvvvvvvvvxannt-700x933.jpg 700w, https://ffw-weilersbach.de/wordpress/wp-content/uploads/2023/07/Unbencxvvvvvvvvxannt-768x1024.jpg 768w, https://ffw-weilersbach.de/wordpress/wp-content/uploads/2023/07/Unbencxvvvvvvvvxannt-1152x1536.jpg 1152w, https://ffw-weilersbach.de/wordpress/wp-content/uploads/2023/07/Unbencxvvvvvvvvxannt.jpg 1512w" sizes="auto, (max-width: 225px) 100vw, 225px" /></a></p>
<p><a href="https://ffw-weilersbach.de/wordpress/wp-content/uploads/2023/07/Unbecvcvcnannt.jpg"><img loading="lazy" decoding="async" class="aligncenter wp-image-9813 size-medium" src="https://ffw-weilersbach.de/wordpress/wp-content/uploads/2023/07/Unbecvcvcnannt-225x300.jpg" alt="" width="225" height="300" srcset="https://ffw-weilersbach.de/wordpress/wp-content/uploads/2023/07/Unbecvcvcnannt-225x300.jpg 225w, https://ffw-weilersbach.de/wordpress/wp-content/uploads/2023/07/Unbecvcvcnannt-700x933.jpg 700w, https://ffw-weilersbach.de/wordpress/wp-content/uploads/2023/07/Unbecvcvcnannt-768x1024.jpg 768w, https://ffw-weilersbach.de/wordpress/wp-content/uploads/2023/07/Unbecvcvcnannt-1152x1536.jpg 1152w, https://ffw-weilersbach.de/wordpress/wp-content/uploads/2023/07/Unbecvcvcnannt.jpg 1512w" sizes="auto, (max-width: 225px) 100vw, 225px" /></a></p>
