{"id":9798,"date":"2023-06-25T14:23:00","date_gmt":"2023-06-25T12:23:00","guid":{"rendered":"https:\/\/ffw-weilersbach.de\/wordpress\/?post_type=einsatz&#038;p=9798"},"modified":"2023-06-25T19:56:12","modified_gmt":"2023-06-25T17:56:12","slug":"verkehrsunfall-am-25-06-2023","status":"publish","type":"einsatz","link":"https:\/\/ffw-weilersbach.de\/wordpress\/archive\/einsaetze\/verkehrsunfall-am-25-06-2023","title":{"rendered":"Verkehrsunfall am 25.06.2023"},"content":{"rendered":"<p><span class=\"x193iq5w xeuugli x13faqbe x1vvkbs x1xmvt09 x1lliihq x1s928wv xhkezso x1gmr53x x1cpjm7i x1fgarty x1943h6x xudqn12 x3x7a5m x6prxxf xvq8zen xo1l8bm xzsf02u\" dir=\"auto\">Kaum waren unsere Feuerwehrautos in Weilersbach fertig best\u00fcckt, Klamotten getauscht, der Einsatz nachbesprochen, wurden wir erneut nach Pretzfeld alarmiert. Diesmal zu einem vermeintlich schweren Verkehrsunfall. An der Einsatzstelle angekommen konnte allerdings durch den Einsatzleiter Entwarnung gegeben werden. Es war keine Person mehr im Auto eingeklemmt und wir konnten wieder mit unseren drei vollbesetzten Fahrzeugen die Heimreise antreten, da unsere Hilfe nicht weiter ben\u00f6tigt wurde.<\/p>\n<p>Auch hier m\u00f6chten wir uns f\u00fcr die kurze Zusammenarbeit vor Ort bedanken und w\u00fcnschen den Verletzen alles Gute!<\/span><\/p>\n<p>&nbsp;<\/p>\n<p>&nbsp;<\/p>\n<p>&nbsp;<\/p>\n","protected":false},"author":1,"featured_media":9805,"template":"","meta":{"ngg_post_thumbnail":0,"einsatz_weight":1,"footnotes":""},"categories":[2],"tags":[40],"einsatzart":[32],"fahrzeug":[35,34,36],"exteinsatzmittel":[],"alarmierungsart":[43,45,42,46],"evw_unit":[],"class_list":["post-9798","einsatz","type-einsatz","status-publish","has-post-thumbnail","hentry","category-einsatz","tag-thl3","einsatzart-thl","fahrzeug-lf-20-16","fahrzeug-lf-8-6","fahrzeug-mzf","alarmierungsart-handyapp","alarmierungsart-pager","alarmierungsart-sirene","alarmierungsart-sms"],"_links":{"self":[{"href":"https:\/\/ffw-weilersbach.de\/wordpress\/wp-json\/wp\/v2\/einsatz\/9798","targetHints":{"allow":["GET"]}}],"collection":[{"href":"https:\/\/ffw-weilersbach.de\/wordpress\/wp-json\/wp\/v2\/einsatz"}],"about":[{"href":"https:\/\/ffw-weilersbach.de\/wordpress\/wp-json\/wp\/v2\/types\/einsatz"}],"author":[{"embeddable":true,"href":"https:\/\/ffw-weilersbach.de\/wordpress\/wp-json\/wp\/v2\/users\/1"}],"version-history":[{"count":4,"href":"https:\/\/ffw-weilersbach.de\/wordpress\/wp-json\/wp\/v2\/einsatz\/9798\/revisions"}],"predecessor-version":[{"id":9806,"href":"https:\/\/ffw-weilersbach.de\/wordpress\/wp-json\/wp\/v2\/einsatz\/9798\/revisions\/9806"}],"wp:featuredmedia":[{"embeddable":true,"href":"https:\/\/ffw-weilersbach.de\/wordpress\/wp-json\/wp\/v2\/media\/9805"}],"wp:attachment":[{"href":"https:\/\/ffw-weilersbach.de\/wordpress\/wp-json\/wp\/v2\/media?parent=9798"}],"wp:term":[{"taxonomy":"category","embeddable":true,"href":"https:\/\/ffw-weilersbach.de\/wordpress\/wp-json\/wp\/v2\/categories?post=9798"},{"taxonomy":"post_tag","embeddable":true,"href":"https:\/\/ffw-weilersbach.de\/wordpress\/wp-json\/wp\/v2\/tags?post=9798"},{"taxonomy":"einsatzart","embeddable":true,"href":"https:\/\/ffw-weilersbach.de\/wordpress\/wp-json\/wp\/v2\/einsatzart?post=9798"},{"taxonomy":"fahrzeug","embeddable":true,"href":"https:\/\/ffw-weilersbach.de\/wordpress\/wp-json\/wp\/v2\/fahrzeug?post=9798"},{"taxonomy":"exteinsatzmittel","embeddable":true,"href":"https:\/\/ffw-weilersbach.de\/wordpress\/wp-json\/wp\/v2\/exteinsatzmittel?post=9798"},{"taxonomy":"alarmierungsart","embeddable":true,"href":"https:\/\/ffw-weilersbach.de\/wordpress\/wp-json\/wp\/v2\/alarmierungsart?post=9798"},{"taxonomy":"evw_unit","embeddable":true,"href":"https:\/\/ffw-weilersbach.de\/wordpress\/wp-json\/wp\/v2\/evw_unit?post=9798"}],"curies":[{"name":"wp","href":"https:\/\/api.w.org\/{rel}","templated":true}]}}

<p><span class="x193iq5w xeuugli x13faqbe x1vvkbs x1xmvt09 x1lliihq x1s928wv xhkezso x1gmr53x x1cpjm7i x1fgarty x1943h6x xudqn12 x3x7a5m x6prxxf xvq8zen xo1l8bm xzsf02u" dir="auto">Kaum waren unsere Feuerwehrautos in Weilersbach fertig bestückt, Klamotten getauscht, der Einsatz nachbesprochen, wurden wir erneut nach Pretzfeld alarmiert. Diesmal zu einem vermeintlich schweren Verkehrsunfall. An der Einsatzstelle angekommen konnte allerdings durch den Einsatzleiter Entwarnung gegeben werden. Es war keine Person mehr im Auto eingeklemmt und wir konnten wieder mit unseren drei vollbesetzten Fahrzeugen die Heimreise antreten, da unsere Hilfe nicht weiter benötigt wurde.</p>
<p>Auch hier möchten wir uns für die kurze Zusammenarbeit vor Ort bedanken und wünschen den Verletzen alles Gute!</span></p>
<p>&nbsp;</p>
<p>&nbsp;</p>
<p>&nbsp;</p>
