{"id":9757,"date":"2023-06-24T19:44:00","date_gmt":"2023-06-24T17:44:00","guid":{"rendered":"https:\/\/ffw-weilersbach.de\/wordpress\/?post_type=einsatz&#038;p=9757"},"modified":"2023-06-25T16:48:11","modified_gmt":"2023-06-25T14:48:11","slug":"verkehrsunfall-mit-motorrad-am-24-06-20023","status":"publish","type":"einsatz","link":"https:\/\/ffw-weilersbach.de\/wordpress\/archive\/einsaetze\/verkehrsunfall-mit-motorrad-am-24-06-20023","title":{"rendered":"Verkehrsunfall mit Motorrad am 24.06.2023"},"content":{"rendered":"<p><span class=\"x193iq5w xeuugli x13faqbe x1vvkbs x1xmvt09 x1lliihq x1s928wv xhkezso x1gmr53x x1cpjm7i x1fgarty x1943h6x xudqn12 x3x7a5m x6prxxf xvq8zen xo1l8bm xzsf02u\" dir=\"auto\">Am 24.06.2023 wurden wir gegen 19:45 Uhr zu einem Verkehrsunfall auf der Verbindungsstra\u00dfe zwischen der B470 und Reifenberg (Reifenberger H\u00f6he) mit einem Motorrad alarmiert. Auf Anfahrt erhielt der Gruppenf\u00fchrer unseres erstausr\u00fcckenden Fahrzeuges von der ILS die Information, dass noch kein Rettungswagen vor Ort ist und wir die Erstversorgung \u00fcbernehmen sollen. Nach Ankunft und Erkundung an der Einsatzstelle best\u00e4tigte sich das Meldebild jedoch nicht, da sich bereits ein Rettungswagen und die Polizei an der Einsatzstelle befanden. So sperrten wir die Stra\u00dfe ab der Abzweigung Reifenberg an der B470 komplett ab. Nach dem der verunfallte Motorradfahrer mit dem Rettungswagen in die Klinik gebracht wurde, reinigten wir zusammen mit der Feuerwehr Reifenberg die Stra\u00dfe. Nach ca. 45 Minuten konnten wir wieder in unser Ger\u00e4tehaus einr\u00fccken.<\/span><\/p>\n<p>Wie w\u00fcnschen den Verletzten alles Gute und m\u00f6chten uns f\u00fcr die gute Zusammenarbeit zwischen den einzelnen Hilfsorganisationen und den Beteiligten bedanken.<\/p>\n<p><img loading=\"lazy\" decoding=\"async\" class=\"aligncenter size-large wp-image-9758\" src=\"https:\/\/ffw-weilersbach.de\/wordpress\/wp-content\/uploads\/2023\/06\/Unbenannt55665-700x525.jpg\" alt=\"\" width=\"700\" height=\"525\" srcset=\"https:\/\/ffw-weilersbach.de\/wordpress\/wp-content\/uploads\/2023\/06\/Unbenannt55665-700x525.jpg 700w, https:\/\/ffw-weilersbach.de\/wordpress\/wp-content\/uploads\/2023\/06\/Unbenannt55665-300x225.jpg 300w, https:\/\/ffw-weilersbach.de\/wordpress\/wp-content\/uploads\/2023\/06\/Unbenannt55665-768x576.jpg 768w, https:\/\/ffw-weilersbach.de\/wordpress\/wp-content\/uploads\/2023\/06\/Unbenannt55665-1536x1152.jpg 1536w, https:\/\/ffw-weilersbach.de\/wordpress\/wp-content\/uploads\/2023\/06\/Unbenannt55665.jpg 1600w\" sizes=\"auto, (max-width: 700px) 100vw, 700px\" \/><\/p>\n<p>&nbsp;<\/p>\n<p>&nbsp;<\/p>\n<p><img loading=\"lazy\" decoding=\"async\" class=\"aligncenter size-large wp-image-9764\" src=\"https:\/\/ffw-weilersbach.de\/wordpress\/wp-content\/uploads\/2023\/06\/354256939_654849110015571_8564212551895888985_n-700x700.jpg\" alt=\"\" width=\"700\" height=\"700\" srcset=\"https:\/\/ffw-weilersbach.de\/wordpress\/wp-content\/uploads\/2023\/06\/354256939_654849110015571_8564212551895888985_n-700x700.jpg 700w, https:\/\/ffw-weilersbach.de\/wordpress\/wp-content\/uploads\/2023\/06\/354256939_654849110015571_8564212551895888985_n-300x300.jpg 300w, https:\/\/ffw-weilersbach.de\/wordpress\/wp-content\/uploads\/2023\/06\/354256939_654849110015571_8564212551895888985_n-150x150.jpg 150w, https:\/\/ffw-weilersbach.de\/wordpress\/wp-content\/uploads\/2023\/06\/354256939_654849110015571_8564212551895888985_n-768x768.jpg 768w, https:\/\/ffw-weilersbach.de\/wordpress\/wp-content\/uploads\/2023\/06\/354256939_654849110015571_8564212551895888985_n.jpg 1440w\" sizes=\"auto, (max-width: 700px) 100vw, 700px\" \/><\/p>\n","protected":false},"author":1,"featured_media":9758,"template":"","meta":{"ngg_post_thumbnail":0,"einsatz_weight":1,"footnotes":""},"categories":[2],"tags":[38],"einsatzart":[32],"fahrzeug":[35,34],"exteinsatzmittel":[],"alarmierungsart":[43,45,46],"evw_unit":[],"class_list":["post-9757","einsatz","type-einsatz","status-publish","has-post-thumbnail","hentry","category-einsatz","tag-thl1","einsatzart-thl","fahrzeug-lf-20-16","fahrzeug-lf-8-6","alarmierungsart-handyapp","alarmierungsart-pager","alarmierungsart-sms"],"_links":{"self":[{"href":"https:\/\/ffw-weilersbach.de\/wordpress\/wp-json\/wp\/v2\/einsatz\/9757","targetHints":{"allow":["GET"]}}],"collection":[{"href":"https:\/\/ffw-weilersbach.de\/wordpress\/wp-json\/wp\/v2\/einsatz"}],"about":[{"href":"https:\/\/ffw-weilersbach.de\/wordpress\/wp-json\/wp\/v2\/types\/einsatz"}],"author":[{"embeddable":true,"href":"https:\/\/ffw-weilersbach.de\/wordpress\/wp-json\/wp\/v2\/users\/1"}],"version-history":[{"count":7,"href":"https:\/\/ffw-weilersbach.de\/wordpress\/wp-json\/wp\/v2\/einsatz\/9757\/revisions"}],"predecessor-version":[{"id":9767,"href":"https:\/\/ffw-weilersbach.de\/wordpress\/wp-json\/wp\/v2\/einsatz\/9757\/revisions\/9767"}],"wp:featuredmedia":[{"embeddable":true,"href":"https:\/\/ffw-weilersbach.de\/wordpress\/wp-json\/wp\/v2\/media\/9758"}],"wp:attachment":[{"href":"https:\/\/ffw-weilersbach.de\/wordpress\/wp-json\/wp\/v2\/media?parent=9757"}],"wp:term":[{"taxonomy":"category","embeddable":true,"href":"https:\/\/ffw-weilersbach.de\/wordpress\/wp-json\/wp\/v2\/categories?post=9757"},{"taxonomy":"post_tag","embeddable":true,"href":"https:\/\/ffw-weilersbach.de\/wordpress\/wp-json\/wp\/v2\/tags?post=9757"},{"taxonomy":"einsatzart","embeddable":true,"href":"https:\/\/ffw-weilersbach.de\/wordpress\/wp-json\/wp\/v2\/einsatzart?post=9757"},{"taxonomy":"fahrzeug","embeddable":true,"href":"https:\/\/ffw-weilersbach.de\/wordpress\/wp-json\/wp\/v2\/fahrzeug?post=9757"},{"taxonomy":"exteinsatzmittel","embeddable":true,"href":"https:\/\/ffw-weilersbach.de\/wordpress\/wp-json\/wp\/v2\/exteinsatzmittel?post=9757"},{"taxonomy":"alarmierungsart","embeddable":true,"href":"https:\/\/ffw-weilersbach.de\/wordpress\/wp-json\/wp\/v2\/alarmierungsart?post=9757"},{"taxonomy":"evw_unit","embeddable":true,"href":"https:\/\/ffw-weilersbach.de\/wordpress\/wp-json\/wp\/v2\/evw_unit?post=9757"}],"curies":[{"name":"wp","href":"https:\/\/api.w.org\/{rel}","templated":true}]}}

<p><span class="x193iq5w xeuugli x13faqbe x1vvkbs x1xmvt09 x1lliihq x1s928wv xhkezso x1gmr53x x1cpjm7i x1fgarty x1943h6x xudqn12 x3x7a5m x6prxxf xvq8zen xo1l8bm xzsf02u" dir="auto">Am 24.06.2023 wurden wir gegen 19:45 Uhr zu einem Verkehrsunfall auf der Verbindungsstraße zwischen der B470 und Reifenberg (Reifenberger Höhe) mit einem Motorrad alarmiert. Auf Anfahrt erhielt der Gruppenführer unseres erstausrückenden Fahrzeuges von der ILS die Information, dass noch kein Rettungswagen vor Ort ist und wir die Erstversorgung übernehmen sollen. Nach Ankunft und Erkundung an der Einsatzstelle bestätigte sich das Meldebild jedoch nicht, da sich bereits ein Rettungswagen und die Polizei an der Einsatzstelle befanden. So sperrten wir die Straße ab der Abzweigung Reifenberg an der B470 komplett ab. Nach dem der verunfallte Motorradfahrer mit dem Rettungswagen in die Klinik gebracht wurde, reinigten wir zusammen mit der Feuerwehr Reifenberg die Straße. Nach ca. 45 Minuten konnten wir wieder in unser Gerätehaus einrücken.</span></p>
<p>Wie wünschen den Verletzten alles Gute und möchten uns für die gute Zusammenarbeit zwischen den einzelnen Hilfsorganisationen und den Beteiligten bedanken.</p>
<p><img loading="lazy" decoding="async" class="aligncenter size-large wp-image-9758" src="https://ffw-weilersbach.de/wordpress/wp-content/uploads/2023/06/Unbenannt55665-700x525.jpg" alt="" width="700" height="525" srcset="https://ffw-weilersbach.de/wordpress/wp-content/uploads/2023/06/Unbenannt55665-700x525.jpg 700w, https://ffw-weilersbach.de/wordpress/wp-content/uploads/2023/06/Unbenannt55665-300x225.jpg 300w, https://ffw-weilersbach.de/wordpress/wp-content/uploads/2023/06/Unbenannt55665-768x576.jpg 768w, https://ffw-weilersbach.de/wordpress/wp-content/uploads/2023/06/Unbenannt55665-1536x1152.jpg 1536w, https://ffw-weilersbach.de/wordpress/wp-content/uploads/2023/06/Unbenannt55665.jpg 1600w" sizes="auto, (max-width: 700px) 100vw, 700px" /></p>
<p>&nbsp;</p>
<p>&nbsp;</p>
<p><img loading="lazy" decoding="async" class="aligncenter size-large wp-image-9764" src="https://ffw-weilersbach.de/wordpress/wp-content/uploads/2023/06/354256939_654849110015571_8564212551895888985_n-700x700.jpg" alt="" width="700" height="700" srcset="https://ffw-weilersbach.de/wordpress/wp-content/uploads/2023/06/354256939_654849110015571_8564212551895888985_n-700x700.jpg 700w, https://ffw-weilersbach.de/wordpress/wp-content/uploads/2023/06/354256939_654849110015571_8564212551895888985_n-300x300.jpg 300w, https://ffw-weilersbach.de/wordpress/wp-content/uploads/2023/06/354256939_654849110015571_8564212551895888985_n-150x150.jpg 150w, https://ffw-weilersbach.de/wordpress/wp-content/uploads/2023/06/354256939_654849110015571_8564212551895888985_n-768x768.jpg 768w, https://ffw-weilersbach.de/wordpress/wp-content/uploads/2023/06/354256939_654849110015571_8564212551895888985_n.jpg 1440w" sizes="auto, (max-width: 700px) 100vw, 700px" /></p>
