{"id":8635,"date":"2023-03-21T12:26:00","date_gmt":"2023-03-21T11:26:00","guid":{"rendered":"https:\/\/ffw-weilersbach.de\/wordpress\/?post_type=einsatz&#038;p=8635"},"modified":"2023-03-21T20:01:59","modified_gmt":"2023-03-21T19:01:59","slug":"verkehrsunfall-am-21-03-2023","status":"publish","type":"einsatz","link":"https:\/\/ffw-weilersbach.de\/wordpress\/archive\/einsaetze\/verkehrsunfall-am-21-03-2023","title":{"rendered":"Verkehrsunfall am 21.03.2023"},"content":{"rendered":"<div class=\"x11i5rnm xat24cr x1mh8g0r x1vvkbs xtlvy1s x126k92a\">\n<div dir=\"auto\">Mit dem Stichwort \u201eTHL 3, VU mit ein oder zwei PKW, Person eingeklemmt\u201c wurden wir heute erneut zusammen mit der Feuerwehr Kirchehrenbach zur Edeka Kreuzung alarmiert. Vor Ort stellte sich heraus, dass gl\u00fccklicherweise niemand mehr in seinem Auto eingeklemmt war, da die Insassen bereits durch Ersthelfer aus ihren Autos befreit und anschlie\u00dfend durch den Rettungsdienst versorgt wurden. Die Fahrerin des schwarzen PKW\u2019s wurde leichtverletzt in ein umliegendes Krankenhaus gebracht, der Beifahrer musste aufgrund der Schwere seiner Verletzungen mit dem Rettungshubschrauber in eine Klinik gebracht werden. Der Fahrer des VW-Busses wurde ebenfalls mit leichten Verletzungen ins Krankenhaus gebracht.<\/div>\n<\/div>\n<div class=\"x11i5rnm xat24cr x1mh8g0r x1vvkbs xtlvy1s x126k92a\">\n<div dir=\"auto\">An der Einsatzstelle leiteten wir den Verkehr um, k\u00fcmmerten uns um die auslaufenden Betriebsstoffe der beteiligten Autos, stellten den Brandschutz sicher und unterst\u00fctzten den Abschleppdienst. Die Feuerwehr Kirchehrenbach unterst\u00fctzte uns bei der Absperrung der B470. Die Bundestra\u00dfe war an diesem Nachmittag f\u00fcr 2,5 Stunden voll gesperrt. Nach ca. 3 Stunden war der Einsatz f\u00fcr uns beendet und wir konnte wieder in unser Ger\u00e4tehaus einr\u00fccken.<\/div>\n<\/div>\n<div class=\"x11i5rnm xat24cr x1mh8g0r x1vvkbs xtlvy1s x126k92a\">\n<div dir=\"auto\">Wir m\u00f6chten uns bei allen Beteiligten f\u00fcr die gute Zusammenarbeit vor Ort bedanken und w\u00fcnschen den Verletzten alles Gute.<\/div>\n<div dir=\"auto\">&nbsp;<\/div>\n<\/div>\n<p>&nbsp;<\/p>\n<p><img loading=\"lazy\" decoding=\"async\" class=\"aligncenter size-large wp-image-8648\" src=\"https:\/\/ffw-weilersbach.de\/wordpress\/wp-content\/uploads\/2023\/03\/336668184_230234506235129_6808028820471310645_n-700x525.jpg\" alt=\"\" width=\"700\" height=\"525\" srcset=\"https:\/\/ffw-weilersbach.de\/wordpress\/wp-content\/uploads\/2023\/03\/336668184_230234506235129_6808028820471310645_n-700x525.jpg 700w, https:\/\/ffw-weilersbach.de\/wordpress\/wp-content\/uploads\/2023\/03\/336668184_230234506235129_6808028820471310645_n-300x225.jpg 300w, https:\/\/ffw-weilersbach.de\/wordpress\/wp-content\/uploads\/2023\/03\/336668184_230234506235129_6808028820471310645_n-768x576.jpg 768w, https:\/\/ffw-weilersbach.de\/wordpress\/wp-content\/uploads\/2023\/03\/336668184_230234506235129_6808028820471310645_n.jpg 1440w\" sizes=\"auto, (max-width: 700px) 100vw, 700px\" \/><\/p>\n<p><img loading=\"lazy\" decoding=\"async\" class=\"aligncenter size-large wp-image-8647\" src=\"https:\/\/ffw-weilersbach.de\/wordpress\/wp-content\/uploads\/2023\/03\/336648669_1869523496740890_7389813522997828363_n-700x527.jpg\" alt=\"\" width=\"700\" height=\"527\" srcset=\"https:\/\/ffw-weilersbach.de\/wordpress\/wp-content\/uploads\/2023\/03\/336648669_1869523496740890_7389813522997828363_n-700x527.jpg 700w, https:\/\/ffw-weilersbach.de\/wordpress\/wp-content\/uploads\/2023\/03\/336648669_1869523496740890_7389813522997828363_n-300x226.jpg 300w, https:\/\/ffw-weilersbach.de\/wordpress\/wp-content\/uploads\/2023\/03\/336648669_1869523496740890_7389813522997828363_n-768x579.jpg 768w, https:\/\/ffw-weilersbach.de\/wordpress\/wp-content\/uploads\/2023\/03\/336648669_1869523496740890_7389813522997828363_n.jpg 994w\" sizes=\"auto, (max-width: 700px) 100vw, 700px\" \/><\/p>\n<p><img loading=\"lazy\" decoding=\"async\" class=\"aligncenter size-large wp-image-8646\" src=\"https:\/\/ffw-weilersbach.de\/wordpress\/wp-content\/uploads\/2023\/03\/337038849_701795645033663_1904056059912423539_n-700x526.jpg\" alt=\"\" width=\"700\" height=\"526\" srcset=\"https:\/\/ffw-weilersbach.de\/wordpress\/wp-content\/uploads\/2023\/03\/337038849_701795645033663_1904056059912423539_n-700x526.jpg 700w, https:\/\/ffw-weilersbach.de\/wordpress\/wp-content\/uploads\/2023\/03\/337038849_701795645033663_1904056059912423539_n-300x225.jpg 300w, https:\/\/ffw-weilersbach.de\/wordpress\/wp-content\/uploads\/2023\/03\/337038849_701795645033663_1904056059912423539_n-768x577.jpg 768w, https:\/\/ffw-weilersbach.de\/wordpress\/wp-content\/uploads\/2023\/03\/337038849_701795645033663_1904056059912423539_n.jpg 1440w\" sizes=\"auto, (max-width: 700px) 100vw, 700px\" \/><\/p>\n<p><img loading=\"lazy\" decoding=\"async\" class=\"aligncenter size-large wp-image-8645\" src=\"https:\/\/ffw-weilersbach.de\/wordpress\/wp-content\/uploads\/2023\/03\/337003234_5973842202731205_2478083913182035942_n-700x525.jpg\" alt=\"\" width=\"700\" height=\"525\" srcset=\"https:\/\/ffw-weilersbach.de\/wordpress\/wp-content\/uploads\/2023\/03\/337003234_5973842202731205_2478083913182035942_n-700x525.jpg 700w, https:\/\/ffw-weilersbach.de\/wordpress\/wp-content\/uploads\/2023\/03\/337003234_5973842202731205_2478083913182035942_n-300x225.jpg 300w, https:\/\/ffw-weilersbach.de\/wordpress\/wp-content\/uploads\/2023\/03\/337003234_5973842202731205_2478083913182035942_n-768x576.jpg 768w, https:\/\/ffw-weilersbach.de\/wordpress\/wp-content\/uploads\/2023\/03\/337003234_5973842202731205_2478083913182035942_n.jpg 1440w\" sizes=\"auto, (max-width: 700px) 100vw, 700px\" \/><\/p>\n","protected":false},"author":1,"featured_media":8648,"template":"","meta":{"ngg_post_thumbnail":0,"einsatz_weight":1,"footnotes":""},"categories":[2],"tags":[40],"einsatzart":[32],"fahrzeug":[35,34,36],"exteinsatzmittel":[],"alarmierungsart":[43,45,42,46],"evw_unit":[],"class_list":["post-8635","einsatz","type-einsatz","status-publish","has-post-thumbnail","hentry","category-einsatz","tag-thl3","einsatzart-thl","fahrzeug-lf-20-16","fahrzeug-lf-8-6","fahrzeug-mzf","alarmierungsart-handyapp","alarmierungsart-pager","alarmierungsart-sirene","alarmierungsart-sms"],"_links":{"self":[{"href":"https:\/\/ffw-weilersbach.de\/wordpress\/wp-json\/wp\/v2\/einsatz\/8635","targetHints":{"allow":["GET"]}}],"collection":[{"href":"https:\/\/ffw-weilersbach.de\/wordpress\/wp-json\/wp\/v2\/einsatz"}],"about":[{"href":"https:\/\/ffw-weilersbach.de\/wordpress\/wp-json\/wp\/v2\/types\/einsatz"}],"author":[{"embeddable":true,"href":"https:\/\/ffw-weilersbach.de\/wordpress\/wp-json\/wp\/v2\/users\/1"}],"version-history":[{"count":3,"href":"https:\/\/ffw-weilersbach.de\/wordpress\/wp-json\/wp\/v2\/einsatz\/8635\/revisions"}],"predecessor-version":[{"id":8652,"href":"https:\/\/ffw-weilersbach.de\/wordpress\/wp-json\/wp\/v2\/einsatz\/8635\/revisions\/8652"}],"wp:featuredmedia":[{"embeddable":true,"href":"https:\/\/ffw-weilersbach.de\/wordpress\/wp-json\/wp\/v2\/media\/8648"}],"wp:attachment":[{"href":"https:\/\/ffw-weilersbach.de\/wordpress\/wp-json\/wp\/v2\/media?parent=8635"}],"wp:term":[{"taxonomy":"category","embeddable":true,"href":"https:\/\/ffw-weilersbach.de\/wordpress\/wp-json\/wp\/v2\/categories?post=8635"},{"taxonomy":"post_tag","embeddable":true,"href":"https:\/\/ffw-weilersbach.de\/wordpress\/wp-json\/wp\/v2\/tags?post=8635"},{"taxonomy":"einsatzart","embeddable":true,"href":"https:\/\/ffw-weilersbach.de\/wordpress\/wp-json\/wp\/v2\/einsatzart?post=8635"},{"taxonomy":"fahrzeug","embeddable":true,"href":"https:\/\/ffw-weilersbach.de\/wordpress\/wp-json\/wp\/v2\/fahrzeug?post=8635"},{"taxonomy":"exteinsatzmittel","embeddable":true,"href":"https:\/\/ffw-weilersbach.de\/wordpress\/wp-json\/wp\/v2\/exteinsatzmittel?post=8635"},{"taxonomy":"alarmierungsart","embeddable":true,"href":"https:\/\/ffw-weilersbach.de\/wordpress\/wp-json\/wp\/v2\/alarmierungsart?post=8635"},{"taxonomy":"evw_unit","embeddable":true,"href":"https:\/\/ffw-weilersbach.de\/wordpress\/wp-json\/wp\/v2\/evw_unit?post=8635"}],"curies":[{"name":"wp","href":"https:\/\/api.w.org\/{rel}","templated":true}]}}

<div class="x11i5rnm xat24cr x1mh8g0r x1vvkbs xtlvy1s x126k92a">
<div dir="auto">Mit dem Stichwort „THL 3, VU mit ein oder zwei PKW, Person eingeklemmt“ wurden wir heute erneut zusammen mit der Feuerwehr Kirchehrenbach zur Edeka Kreuzung alarmiert. Vor Ort stellte sich heraus, dass glücklicherweise niemand mehr in seinem Auto eingeklemmt war, da die Insassen bereits durch Ersthelfer aus ihren Autos befreit und anschließend durch den Rettungsdienst versorgt wurden. Die Fahrerin des schwarzen PKW’s wurde leichtverletzt in ein umliegendes Krankenhaus gebracht, der Beifahrer musste aufgrund der Schwere seiner Verletzungen mit dem Rettungshubschrauber in eine Klinik gebracht werden. Der Fahrer des VW-Busses wurde ebenfalls mit leichten Verletzungen ins Krankenhaus gebracht.</div>
</div>
<div class="x11i5rnm xat24cr x1mh8g0r x1vvkbs xtlvy1s x126k92a">
<div dir="auto">An der Einsatzstelle leiteten wir den Verkehr um, kümmerten uns um die auslaufenden Betriebsstoffe der beteiligten Autos, stellten den Brandschutz sicher und unterstützten den Abschleppdienst. Die Feuerwehr Kirchehrenbach unterstützte uns bei der Absperrung der B470. Die Bundestraße war an diesem Nachmittag für 2,5 Stunden voll gesperrt. Nach ca. 3 Stunden war der Einsatz für uns beendet und wir konnte wieder in unser Gerätehaus einrücken.</div>
</div>
<div class="x11i5rnm xat24cr x1mh8g0r x1vvkbs xtlvy1s x126k92a">
<div dir="auto">Wir möchten uns bei allen Beteiligten für die gute Zusammenarbeit vor Ort bedanken und wünschen den Verletzten alles Gute.</div>
<div dir="auto">&nbsp;</div>
</div>
<p>&nbsp;</p>
<p><img loading="lazy" decoding="async" class="aligncenter size-large wp-image-8648" src="https://ffw-weilersbach.de/wordpress/wp-content/uploads/2023/03/336668184_230234506235129_6808028820471310645_n-700x525.jpg" alt="" width="700" height="525" srcset="https://ffw-weilersbach.de/wordpress/wp-content/uploads/2023/03/336668184_230234506235129_6808028820471310645_n-700x525.jpg 700w, https://ffw-weilersbach.de/wordpress/wp-content/uploads/2023/03/336668184_230234506235129_6808028820471310645_n-300x225.jpg 300w, https://ffw-weilersbach.de/wordpress/wp-content/uploads/2023/03/336668184_230234506235129_6808028820471310645_n-768x576.jpg 768w, https://ffw-weilersbach.de/wordpress/wp-content/uploads/2023/03/336668184_230234506235129_6808028820471310645_n.jpg 1440w" sizes="auto, (max-width: 700px) 100vw, 700px" /></p>
<p><img loading="lazy" decoding="async" class="aligncenter size-large wp-image-8647" src="https://ffw-weilersbach.de/wordpress/wp-content/uploads/2023/03/336648669_1869523496740890_7389813522997828363_n-700x527.jpg" alt="" width="700" height="527" srcset="https://ffw-weilersbach.de/wordpress/wp-content/uploads/2023/03/336648669_1869523496740890_7389813522997828363_n-700x527.jpg 700w, https://ffw-weilersbach.de/wordpress/wp-content/uploads/2023/03/336648669_1869523496740890_7389813522997828363_n-300x226.jpg 300w, https://ffw-weilersbach.de/wordpress/wp-content/uploads/2023/03/336648669_1869523496740890_7389813522997828363_n-768x579.jpg 768w, https://ffw-weilersbach.de/wordpress/wp-content/uploads/2023/03/336648669_1869523496740890_7389813522997828363_n.jpg 994w" sizes="auto, (max-width: 700px) 100vw, 700px" /></p>
<p><img loading="lazy" decoding="async" class="aligncenter size-large wp-image-8646" src="https://ffw-weilersbach.de/wordpress/wp-content/uploads/2023/03/337038849_701795645033663_1904056059912423539_n-700x526.jpg" alt="" width="700" height="526" srcset="https://ffw-weilersbach.de/wordpress/wp-content/uploads/2023/03/337038849_701795645033663_1904056059912423539_n-700x526.jpg 700w, https://ffw-weilersbach.de/wordpress/wp-content/uploads/2023/03/337038849_701795645033663_1904056059912423539_n-300x225.jpg 300w, https://ffw-weilersbach.de/wordpress/wp-content/uploads/2023/03/337038849_701795645033663_1904056059912423539_n-768x577.jpg 768w, https://ffw-weilersbach.de/wordpress/wp-content/uploads/2023/03/337038849_701795645033663_1904056059912423539_n.jpg 1440w" sizes="auto, (max-width: 700px) 100vw, 700px" /></p>
<p><img loading="lazy" decoding="async" class="aligncenter size-large wp-image-8645" src="https://ffw-weilersbach.de/wordpress/wp-content/uploads/2023/03/337003234_5973842202731205_2478083913182035942_n-700x525.jpg" alt="" width="700" height="525" srcset="https://ffw-weilersbach.de/wordpress/wp-content/uploads/2023/03/337003234_5973842202731205_2478083913182035942_n-700x525.jpg 700w, https://ffw-weilersbach.de/wordpress/wp-content/uploads/2023/03/337003234_5973842202731205_2478083913182035942_n-300x225.jpg 300w, https://ffw-weilersbach.de/wordpress/wp-content/uploads/2023/03/337003234_5973842202731205_2478083913182035942_n-768x576.jpg 768w, https://ffw-weilersbach.de/wordpress/wp-content/uploads/2023/03/337003234_5973842202731205_2478083913182035942_n.jpg 1440w" sizes="auto, (max-width: 700px) 100vw, 700px" /></p>
