{"id":8622,"date":"2023-02-03T21:06:00","date_gmt":"2023-02-03T20:06:00","guid":{"rendered":"https:\/\/ffw-weilersbach.de\/wordpress\/?post_type=einsatz&#038;p=8622"},"modified":"2023-03-20T23:00:35","modified_gmt":"2023-03-20T22:00:35","slug":"rauchentwicklung-im-gebaeude-vom-03-02-2023","status":"publish","type":"einsatz","link":"https:\/\/ffw-weilersbach.de\/wordpress\/archive\/einsaetze\/rauchentwicklung-im-gebaeude-vom-03-02-2023","title":{"rendered":"Rauchentwicklung im Geb\u00e4ude am 03.02.2023"},"content":{"rendered":"\r\n\r\n\r\n\r\n\r\n<p>Gegen 21:06 Uhr wurden wir gestern mit dem Stichwort \u201eB3 Rauchentwicklung im Geb\u00e4ude\u201c nach Reifenberg alarmiert. Die Hausbesitzer nahmen einen starken Brandgeruch war und riefen die Feuerwehr. Vor Ort wurde sofort unter Atemschutz nach einem Brandherd gesucht. Kurze Zeit sp\u00e4ter konnte allerdings Entwarnung gegeben werden. Nachdem wir das gesamte Haus mehrmals kontrolliert und anschlie\u00dfend bel\u00fcftet hatten, konnten unsere 30 ehrenamtlichen Einsatzkr\u00e4fte nach einer Stunde wieder ins Ger\u00e4tehaus einr\u00fccken.<\/p>\r\n<p><img loading=\"lazy\" decoding=\"async\" class=\"aligncenter size-large wp-image-8494\" src=\"https:\/\/ffw-weilersbach.de\/wordpress\/wp-content\/uploads\/2023\/02\/FB_IMG_1675537299754-700x523.jpg\" alt=\"\" width=\"700\" height=\"523\" srcset=\"https:\/\/ffw-weilersbach.de\/wordpress\/wp-content\/uploads\/2023\/02\/FB_IMG_1675537299754-700x523.jpg 700w, https:\/\/ffw-weilersbach.de\/wordpress\/wp-content\/uploads\/2023\/02\/FB_IMG_1675537299754-300x224.jpg 300w, https:\/\/ffw-weilersbach.de\/wordpress\/wp-content\/uploads\/2023\/02\/FB_IMG_1675537299754-768x574.jpg 768w, https:\/\/ffw-weilersbach.de\/wordpress\/wp-content\/uploads\/2023\/02\/FB_IMG_1675537299754.jpg 1080w\" sizes=\"auto, (max-width: 700px) 100vw, 700px\" \/><\/p>\r\n<p><img loading=\"lazy\" decoding=\"async\" class=\"aligncenter size-large wp-image-8495\" src=\"https:\/\/ffw-weilersbach.de\/wordpress\/wp-content\/uploads\/2023\/02\/FB_IMG_1675537304184-700x523.jpg\" alt=\"\" width=\"700\" height=\"523\" srcset=\"https:\/\/ffw-weilersbach.de\/wordpress\/wp-content\/uploads\/2023\/02\/FB_IMG_1675537304184-700x523.jpg 700w, https:\/\/ffw-weilersbach.de\/wordpress\/wp-content\/uploads\/2023\/02\/FB_IMG_1675537304184-300x224.jpg 300w, https:\/\/ffw-weilersbach.de\/wordpress\/wp-content\/uploads\/2023\/02\/FB_IMG_1675537304184-768x574.jpg 768w, https:\/\/ffw-weilersbach.de\/wordpress\/wp-content\/uploads\/2023\/02\/FB_IMG_1675537304184.jpg 1080w\" sizes=\"auto, (max-width: 700px) 100vw, 700px\" \/><\/p>\r\n<p><img loading=\"lazy\" decoding=\"async\" class=\"aligncenter size-large wp-image-8496\" src=\"https:\/\/ffw-weilersbach.de\/wordpress\/wp-content\/uploads\/2023\/02\/FB_IMG_1675537307675-700x523.jpg\" alt=\"\" width=\"700\" height=\"523\" srcset=\"https:\/\/ffw-weilersbach.de\/wordpress\/wp-content\/uploads\/2023\/02\/FB_IMG_1675537307675-700x523.jpg 700w, https:\/\/ffw-weilersbach.de\/wordpress\/wp-content\/uploads\/2023\/02\/FB_IMG_1675537307675-300x224.jpg 300w, https:\/\/ffw-weilersbach.de\/wordpress\/wp-content\/uploads\/2023\/02\/FB_IMG_1675537307675-768x574.jpg 768w, https:\/\/ffw-weilersbach.de\/wordpress\/wp-content\/uploads\/2023\/02\/FB_IMG_1675537307675.jpg 1080w\" sizes=\"auto, (max-width: 700px) 100vw, 700px\" \/><\/p>\r\n<p>&nbsp;<\/p>\r\n\r\n\r\n","protected":false},"author":1,"featured_media":8496,"template":"","meta":{"ngg_post_thumbnail":0,"einsatz_weight":1,"footnotes":""},"categories":[2],"tags":[44],"einsatzart":[33],"fahrzeug":[35,34,37,36],"exteinsatzmittel":[],"alarmierungsart":[42],"evw_unit":[],"class_list":["post-8622","einsatz","type-einsatz","status-publish","has-post-thumbnail","hentry","category-einsatz","tag-b3","einsatzart-brand","fahrzeug-lf-20-16","fahrzeug-lf-8-6","fahrzeug-mtw","fahrzeug-mzf","alarmierungsart-sirene"],"_links":{"self":[{"href":"https:\/\/ffw-weilersbach.de\/wordpress\/wp-json\/wp\/v2\/einsatz\/8622","targetHints":{"allow":["GET"]}}],"collection":[{"href":"https:\/\/ffw-weilersbach.de\/wordpress\/wp-json\/wp\/v2\/einsatz"}],"about":[{"href":"https:\/\/ffw-weilersbach.de\/wordpress\/wp-json\/wp\/v2\/types\/einsatz"}],"author":[{"embeddable":true,"href":"https:\/\/ffw-weilersbach.de\/wordpress\/wp-json\/wp\/v2\/users\/1"}],"version-history":[{"count":4,"href":"https:\/\/ffw-weilersbach.de\/wordpress\/wp-json\/wp\/v2\/einsatz\/8622\/revisions"}],"predecessor-version":[{"id":8626,"href":"https:\/\/ffw-weilersbach.de\/wordpress\/wp-json\/wp\/v2\/einsatz\/8622\/revisions\/8626"}],"wp:featuredmedia":[{"embeddable":true,"href":"https:\/\/ffw-weilersbach.de\/wordpress\/wp-json\/wp\/v2\/media\/8496"}],"wp:attachment":[{"href":"https:\/\/ffw-weilersbach.de\/wordpress\/wp-json\/wp\/v2\/media?parent=8622"}],"wp:term":[{"taxonomy":"category","embeddable":true,"href":"https:\/\/ffw-weilersbach.de\/wordpress\/wp-json\/wp\/v2\/categories?post=8622"},{"taxonomy":"post_tag","embeddable":true,"href":"https:\/\/ffw-weilersbach.de\/wordpress\/wp-json\/wp\/v2\/tags?post=8622"},{"taxonomy":"einsatzart","embeddable":true,"href":"https:\/\/ffw-weilersbach.de\/wordpress\/wp-json\/wp\/v2\/einsatzart?post=8622"},{"taxonomy":"fahrzeug","embeddable":true,"href":"https:\/\/ffw-weilersbach.de\/wordpress\/wp-json\/wp\/v2\/fahrzeug?post=8622"},{"taxonomy":"exteinsatzmittel","embeddable":true,"href":"https:\/\/ffw-weilersbach.de\/wordpress\/wp-json\/wp\/v2\/exteinsatzmittel?post=8622"},{"taxonomy":"alarmierungsart","embeddable":true,"href":"https:\/\/ffw-weilersbach.de\/wordpress\/wp-json\/wp\/v2\/alarmierungsart?post=8622"},{"taxonomy":"evw_unit","embeddable":true,"href":"https:\/\/ffw-weilersbach.de\/wordpress\/wp-json\/wp\/v2\/evw_unit?post=8622"}],"curies":[{"name":"wp","href":"https:\/\/api.w.org\/{rel}","templated":true}]}}

Rauchentwicklung im Gebäude am 03.02.2023

<p>Gegen 21:06 Uhr wurden wir gestern mit dem Stichwort „B3 Rauchentwicklung im Gebäude“ nach Reifenberg alarmiert. Die Hausbesitzer nahmen einen starken Brandgeruch war und riefen die Feuerwehr. Vor Ort wurde sofort unter Atemschutz nach einem Brandherd gesucht. Kurze Zeit später konnte allerdings Entwarnung gegeben werden. Nachdem wir das gesamte Haus mehrmals kontrolliert und anschließend belüftet hatten, konnten unsere 30 ehrenamtlichen Einsatzkräfte nach einer Stunde wieder ins Gerätehaus einrücken.</p>
<p><img loading="lazy" decoding="async" class="aligncenter size-large wp-image-8494" src="https://ffw-weilersbach.de/wordpress/wp-content/uploads/2023/02/FB_IMG_1675537299754-700x523.jpg" alt="" width="700" height="523" srcset="https://ffw-weilersbach.de/wordpress/wp-content/uploads/2023/02/FB_IMG_1675537299754-700x523.jpg 700w, https://ffw-weilersbach.de/wordpress/wp-content/uploads/2023/02/FB_IMG_1675537299754-300x224.jpg 300w, https://ffw-weilersbach.de/wordpress/wp-content/uploads/2023/02/FB_IMG_1675537299754-768x574.jpg 768w, https://ffw-weilersbach.de/wordpress/wp-content/uploads/2023/02/FB_IMG_1675537299754.jpg 1080w" sizes="auto, (max-width: 700px) 100vw, 700px" /></p>
<p><img loading="lazy" decoding="async" class="aligncenter size-large wp-image-8495" src="https://ffw-weilersbach.de/wordpress/wp-content/uploads/2023/02/FB_IMG_1675537304184-700x523.jpg" alt="" width="700" height="523" srcset="https://ffw-weilersbach.de/wordpress/wp-content/uploads/2023/02/FB_IMG_1675537304184-700x523.jpg 700w, https://ffw-weilersbach.de/wordpress/wp-content/uploads/2023/02/FB_IMG_1675537304184-300x224.jpg 300w, https://ffw-weilersbach.de/wordpress/wp-content/uploads/2023/02/FB_IMG_1675537304184-768x574.jpg 768w, https://ffw-weilersbach.de/wordpress/wp-content/uploads/2023/02/FB_IMG_1675537304184.jpg 1080w" sizes="auto, (max-width: 700px) 100vw, 700px" /></p>
<p><img loading="lazy" decoding="async" class="aligncenter size-large wp-image-8496" src="https://ffw-weilersbach.de/wordpress/wp-content/uploads/2023/02/FB_IMG_1675537307675-700x523.jpg" alt="" width="700" height="523" srcset="https://ffw-weilersbach.de/wordpress/wp-content/uploads/2023/02/FB_IMG_1675537307675-700x523.jpg 700w, https://ffw-weilersbach.de/wordpress/wp-content/uploads/2023/02/FB_IMG_1675537307675-300x224.jpg 300w, https://ffw-weilersbach.de/wordpress/wp-content/uploads/2023/02/FB_IMG_1675537307675-768x574.jpg 768w, https://ffw-weilersbach.de/wordpress/wp-content/uploads/2023/02/FB_IMG_1675537307675.jpg 1080w" sizes="auto, (max-width: 700px) 100vw, 700px" /></p>
<p>&nbsp;</p>
