{"id":8575,"date":"2023-03-17T16:52:00","date_gmt":"2023-03-17T15:52:00","guid":{"rendered":"https:\/\/ffw-weilersbach.de\/wordpress\/?post_type=einsatz&#038;p=8575"},"modified":"2023-03-19T23:37:00","modified_gmt":"2023-03-19T22:37:00","slug":"17-03-2023-um-1652-uhr","status":"publish","type":"einsatz","link":"https:\/\/ffw-weilersbach.de\/wordpress\/archive\/einsaetze\/17-03-2023-um-1652-uhr","title":{"rendered":"Verkehrsunfall am 17.03.2023"},"content":{"rendered":"<p><img loading=\"lazy\" decoding=\"async\" class=\"aligncenter size-large wp-image-8601\" src=\"https:\/\/ffw-weilersbach.de\/wordpress\/wp-content\/uploads\/2023\/03\/336477404_5942713519117717_1905522131359576198_n-700x525.jpg\" alt=\"\" width=\"700\" height=\"525\" srcset=\"https:\/\/ffw-weilersbach.de\/wordpress\/wp-content\/uploads\/2023\/03\/336477404_5942713519117717_1905522131359576198_n-700x525.jpg 700w, https:\/\/ffw-weilersbach.de\/wordpress\/wp-content\/uploads\/2023\/03\/336477404_5942713519117717_1905522131359576198_n-300x225.jpg 300w, https:\/\/ffw-weilersbach.de\/wordpress\/wp-content\/uploads\/2023\/03\/336477404_5942713519117717_1905522131359576198_n-768x576.jpg 768w, https:\/\/ffw-weilersbach.de\/wordpress\/wp-content\/uploads\/2023\/03\/336477404_5942713519117717_1905522131359576198_n.jpg 1440w\" sizes=\"auto, (max-width: 700px) 100vw, 700px\" \/><\/p>\n<div class=\"xyamay9 x1pi30zi xsag5q8 x1swvt13\">\n<div>\n<div class=\"xyinxu5 x4uap5 x1g2khh7 xkhd6sd\">\n<p><span class=\"x193iq5w xeuugli x13faqbe x1vvkbs x1xmvt09 x1lliihq x1s928wv xhkezso x1gmr53x x1cpjm7i x1fgarty x1943h6x xudqn12 x3x7a5m x6prxxf xvq8zen xo1l8bm xzsf02u\" dir=\"auto\">Am 17. 03.2023 um 16:52 Uhr wurden unsere Kameraden zu einem Verkehrsunfall auf die B470 (Edeka Kreuzung, Ebermannst\u00e4dter Stra\u00dfe 23) alarmiert. Bei Eintreffen an der Einsatzstelle waren alle Insassen der zwei Unfallautos bereits durch Erst-Helfer befreit und wurden anschlie\u00dfend durch den Rettungsdienst versorgt und in umliegende Krankenh\u00e4user gebracht. So leiteten wir vor Ort den Verkehr um, k\u00fcmmerten uns um die auslaufenden Betriebsstoffe der beiden Autos, stellten den Brandschutz sicher und halfen dem Abschleppdienst bei der \u201eBergung\u201c der beiden Fahrzeuge. Ebenfalls konnten wir den Rettungsdienst bei der Patientenversorgung und -betreuung an der Unfallstelle unterst\u00fctzen. Die Bundestra\u00dfe war an diesem Nachmittag f\u00fcr 2 Stunden voll gesperrt. Nach ca. 2,5 Stunden war der Einsatz f\u00fcr uns beendet.<\/span><\/p>\n<\/div>\n<p><img loading=\"lazy\" decoding=\"async\" class=\"aligncenter size-large wp-image-8619\" src=\"https:\/\/ffw-weilersbach.de\/wordpress\/wp-content\/uploads\/2023\/03\/unfallweilersbach2-700x394.jpg\" alt=\"\" width=\"700\" height=\"394\" srcset=\"https:\/\/ffw-weilersbach.de\/wordpress\/wp-content\/uploads\/2023\/03\/unfallweilersbach2-700x394.jpg 700w, https:\/\/ffw-weilersbach.de\/wordpress\/wp-content\/uploads\/2023\/03\/unfallweilersbach2-300x169.jpg 300w, https:\/\/ffw-weilersbach.de\/wordpress\/wp-content\/uploads\/2023\/03\/unfallweilersbach2-768x432.jpg 768w, https:\/\/ffw-weilersbach.de\/wordpress\/wp-content\/uploads\/2023\/03\/unfallweilersbach2.jpg 853w\" sizes=\"auto, (max-width: 700px) 100vw, 700px\" \/><\/p>\n<div class=\"xyinxu5 x4uap5 x1g2khh7 xkhd6sd\">\n<p>&nbsp;<\/p>\n<\/div>\n<\/div>\n<\/div>\n","protected":false},"author":1,"featured_media":8601,"template":"","meta":{"ngg_post_thumbnail":0,"einsatz_weight":1,"footnotes":""},"categories":[1,2],"tags":[38],"einsatzart":[32],"fahrzeug":[35,34,37,36],"exteinsatzmittel":[],"alarmierungsart":[],"evw_unit":[],"class_list":["post-8575","einsatz","type-einsatz","status-publish","has-post-thumbnail","hentry","category-allgemein","category-einsatz","tag-thl1","einsatzart-thl","fahrzeug-lf-20-16","fahrzeug-lf-8-6","fahrzeug-mtw","fahrzeug-mzf"],"_links":{"self":[{"href":"https:\/\/ffw-weilersbach.de\/wordpress\/wp-json\/wp\/v2\/einsatz\/8575","targetHints":{"allow":["GET"]}}],"collection":[{"href":"https:\/\/ffw-weilersbach.de\/wordpress\/wp-json\/wp\/v2\/einsatz"}],"about":[{"href":"https:\/\/ffw-weilersbach.de\/wordpress\/wp-json\/wp\/v2\/types\/einsatz"}],"author":[{"embeddable":true,"href":"https:\/\/ffw-weilersbach.de\/wordpress\/wp-json\/wp\/v2\/users\/1"}],"version-history":[{"count":6,"href":"https:\/\/ffw-weilersbach.de\/wordpress\/wp-json\/wp\/v2\/einsatz\/8575\/revisions"}],"predecessor-version":[{"id":8620,"href":"https:\/\/ffw-weilersbach.de\/wordpress\/wp-json\/wp\/v2\/einsatz\/8575\/revisions\/8620"}],"wp:featuredmedia":[{"embeddable":true,"href":"https:\/\/ffw-weilersbach.de\/wordpress\/wp-json\/wp\/v2\/media\/8601"}],"wp:attachment":[{"href":"https:\/\/ffw-weilersbach.de\/wordpress\/wp-json\/wp\/v2\/media?parent=8575"}],"wp:term":[{"taxonomy":"category","embeddable":true,"href":"https:\/\/ffw-weilersbach.de\/wordpress\/wp-json\/wp\/v2\/categories?post=8575"},{"taxonomy":"post_tag","embeddable":true,"href":"https:\/\/ffw-weilersbach.de\/wordpress\/wp-json\/wp\/v2\/tags?post=8575"},{"taxonomy":"einsatzart","embeddable":true,"href":"https:\/\/ffw-weilersbach.de\/wordpress\/wp-json\/wp\/v2\/einsatzart?post=8575"},{"taxonomy":"fahrzeug","embeddable":true,"href":"https:\/\/ffw-weilersbach.de\/wordpress\/wp-json\/wp\/v2\/fahrzeug?post=8575"},{"taxonomy":"exteinsatzmittel","embeddable":true,"href":"https:\/\/ffw-weilersbach.de\/wordpress\/wp-json\/wp\/v2\/exteinsatzmittel?post=8575"},{"taxonomy":"alarmierungsart","embeddable":true,"href":"https:\/\/ffw-weilersbach.de\/wordpress\/wp-json\/wp\/v2\/alarmierungsart?post=8575"},{"taxonomy":"evw_unit","embeddable":true,"href":"https:\/\/ffw-weilersbach.de\/wordpress\/wp-json\/wp\/v2\/evw_unit?post=8575"}],"curies":[{"name":"wp","href":"https:\/\/api.w.org\/{rel}","templated":true}]}}

<p><img loading="lazy" decoding="async" class="aligncenter size-large wp-image-8601" src="https://ffw-weilersbach.de/wordpress/wp-content/uploads/2023/03/336477404_5942713519117717_1905522131359576198_n-700x525.jpg" alt="" width="700" height="525" srcset="https://ffw-weilersbach.de/wordpress/wp-content/uploads/2023/03/336477404_5942713519117717_1905522131359576198_n-700x525.jpg 700w, https://ffw-weilersbach.de/wordpress/wp-content/uploads/2023/03/336477404_5942713519117717_1905522131359576198_n-300x225.jpg 300w, https://ffw-weilersbach.de/wordpress/wp-content/uploads/2023/03/336477404_5942713519117717_1905522131359576198_n-768x576.jpg 768w, https://ffw-weilersbach.de/wordpress/wp-content/uploads/2023/03/336477404_5942713519117717_1905522131359576198_n.jpg 1440w" sizes="auto, (max-width: 700px) 100vw, 700px" /></p>
<div class="xyamay9 x1pi30zi xsag5q8 x1swvt13">
<div>
<div class="xyinxu5 x4uap5 x1g2khh7 xkhd6sd">
<p><span class="x193iq5w xeuugli x13faqbe x1vvkbs x1xmvt09 x1lliihq x1s928wv xhkezso x1gmr53x x1cpjm7i x1fgarty x1943h6x xudqn12 x3x7a5m x6prxxf xvq8zen xo1l8bm xzsf02u" dir="auto">Am 17. 03.2023 um 16:52 Uhr wurden unsere Kameraden zu einem Verkehrsunfall auf die B470 (Edeka Kreuzung, Ebermannstädter Straße 23) alarmiert. Bei Eintreffen an der Einsatzstelle waren alle Insassen der zwei Unfallautos bereits durch Erst-Helfer befreit und wurden anschließend durch den Rettungsdienst versorgt und in umliegende Krankenhäuser gebracht. So leiteten wir vor Ort den Verkehr um, kümmerten uns um die auslaufenden Betriebsstoffe der beiden Autos, stellten den Brandschutz sicher und halfen dem Abschleppdienst bei der „Bergung“ der beiden Fahrzeuge. Ebenfalls konnten wir den Rettungsdienst bei der Patientenversorgung und -betreuung an der Unfallstelle unterstützen. Die Bundestraße war an diesem Nachmittag für 2 Stunden voll gesperrt. Nach ca. 2,5 Stunden war der Einsatz für uns beendet.</span></p>
</div>
<p><img loading="lazy" decoding="async" class="aligncenter size-large wp-image-8619" src="https://ffw-weilersbach.de/wordpress/wp-content/uploads/2023/03/unfallweilersbach2-700x394.jpg" alt="" width="700" height="394" srcset="https://ffw-weilersbach.de/wordpress/wp-content/uploads/2023/03/unfallweilersbach2-700x394.jpg 700w, https://ffw-weilersbach.de/wordpress/wp-content/uploads/2023/03/unfallweilersbach2-300x169.jpg 300w, https://ffw-weilersbach.de/wordpress/wp-content/uploads/2023/03/unfallweilersbach2-768x432.jpg 768w, https://ffw-weilersbach.de/wordpress/wp-content/uploads/2023/03/unfallweilersbach2.jpg 853w" sizes="auto, (max-width: 700px) 100vw, 700px" /></p>
<div class="xyinxu5 x4uap5 x1g2khh7 xkhd6sd">
<p>&nbsp;</p>
</div>
</div>
</div>
