{"id":13694,"date":"2025-08-26T15:23:00","date_gmt":"2025-08-26T13:23:00","guid":{"rendered":"https:\/\/ffw-weilersbach.de\/wordpress\/?post_type=einsatz&#038;p=13694"},"modified":"2025-08-26T17:13:32","modified_gmt":"2025-08-26T15:13:32","slug":"thl-erkundung-am-26-08-2025","status":"publish","type":"einsatz","link":"https:\/\/ffw-weilersbach.de\/wordpress\/archive\/einsaetze\/thl-erkundung-am-26-08-2025","title":{"rendered":"THL- Erkundung am 26.08.2025"},"content":{"rendered":"<div class=\"x14z9mp xat24cr x1lziwak x1vvkbs xtlvy1s x126k92a\">\n<div dir=\"auto\">Am Dienstag, den 26.08.2025, wurden wir mit dem Stichwort THL \u2013 Erkundung alarmiert.<\/div>\n<\/div>\n<div class=\"x14z9mp xat24cr x1lziwak x1vvkbs xtlvy1s x126k92a\">\n<div dir=\"auto\">Vor Ort stellte sich heraus, dass es in einem PKW eine Rauchentwicklung gegeben hat. Diese wurde bereits vom Eigent\u00fcmer mit eine Feuerl\u00f6scher erfolgreich bek\u00e4mpft. Wir sicherten das Auto gegen wegrollen, stellten den Brandschutz sicher und \u00fcberpr\u00fcften die Temperatur des Fahrzeugs mit Hilfe unserer W\u00e4rmebildcamera.<\/div>\n<\/div>\n<div class=\"x14z9mp xat24cr x1lziwak x1vvkbs xtlvy1s x126k92a\">\n<div dir=\"auto\">Nach etwa 1,5 Stunden war der Einsatz beendet und wir konnten wieder ins Ger\u00e4tehaus einr\u00fccken.<\/div>\n<\/div>\n","protected":false},"author":1,"featured_media":9692,"template":"","meta":{"ngg_post_thumbnail":0,"einsatz_weight":1,"footnotes":""},"categories":[2],"tags":[118,57],"einsatzart":[32],"fahrzeug":[34,36],"exteinsatzmittel":[100],"alarmierungsart":[43,45,42],"evw_unit":[],"class_list":["post-13694","einsatz","type-einsatz","status-publish","has-post-thumbnail","hentry","category-einsatz","tag-autobrand","tag-thl","einsatzart-thl","fahrzeug-lf-8-6","fahrzeug-mzf","exteinsatzmittel-polizei","alarmierungsart-handyapp","alarmierungsart-pager","alarmierungsart-sirene"],"_links":{"self":[{"href":"https:\/\/ffw-weilersbach.de\/wordpress\/wp-json\/wp\/v2\/einsatz\/13694","targetHints":{"allow":["GET"]}}],"collection":[{"href":"https:\/\/ffw-weilersbach.de\/wordpress\/wp-json\/wp\/v2\/einsatz"}],"about":[{"href":"https:\/\/ffw-weilersbach.de\/wordpress\/wp-json\/wp\/v2\/types\/einsatz"}],"author":[{"embeddable":true,"href":"https:\/\/ffw-weilersbach.de\/wordpress\/wp-json\/wp\/v2\/users\/1"}],"version-history":[{"count":1,"href":"https:\/\/ffw-weilersbach.de\/wordpress\/wp-json\/wp\/v2\/einsatz\/13694\/revisions"}],"predecessor-version":[{"id":13695,"href":"https:\/\/ffw-weilersbach.de\/wordpress\/wp-json\/wp\/v2\/einsatz\/13694\/revisions\/13695"}],"wp:featuredmedia":[{"embeddable":true,"href":"https:\/\/ffw-weilersbach.de\/wordpress\/wp-json\/wp\/v2\/media\/9692"}],"wp:attachment":[{"href":"https:\/\/ffw-weilersbach.de\/wordpress\/wp-json\/wp\/v2\/media?parent=13694"}],"wp:term":[{"taxonomy":"category","embeddable":true,"href":"https:\/\/ffw-weilersbach.de\/wordpress\/wp-json\/wp\/v2\/categories?post=13694"},{"taxonomy":"post_tag","embeddable":true,"href":"https:\/\/ffw-weilersbach.de\/wordpress\/wp-json\/wp\/v2\/tags?post=13694"},{"taxonomy":"einsatzart","embeddable":true,"href":"https:\/\/ffw-weilersbach.de\/wordpress\/wp-json\/wp\/v2\/einsatzart?post=13694"},{"taxonomy":"fahrzeug","embeddable":true,"href":"https:\/\/ffw-weilersbach.de\/wordpress\/wp-json\/wp\/v2\/fahrzeug?post=13694"},{"taxonomy":"exteinsatzmittel","embeddable":true,"href":"https:\/\/ffw-weilersbach.de\/wordpress\/wp-json\/wp\/v2\/exteinsatzmittel?post=13694"},{"taxonomy":"alarmierungsart","embeddable":true,"href":"https:\/\/ffw-weilersbach.de\/wordpress\/wp-json\/wp\/v2\/alarmierungsart?post=13694"},{"taxonomy":"evw_unit","embeddable":true,"href":"https:\/\/ffw-weilersbach.de\/wordpress\/wp-json\/wp\/v2\/evw_unit?post=13694"}],"curies":[{"name":"wp","href":"https:\/\/api.w.org\/{rel}","templated":true}]}}

<div class="x14z9mp xat24cr x1lziwak x1vvkbs xtlvy1s x126k92a">
<div dir="auto">Am Dienstag, den 26.08.2025, wurden wir mit dem Stichwort THL – Erkundung alarmiert.</div>
</div>
<div class="x14z9mp xat24cr x1lziwak x1vvkbs xtlvy1s x126k92a">
<div dir="auto">Vor Ort stellte sich heraus, dass es in einem PKW eine Rauchentwicklung gegeben hat. Diese wurde bereits vom Eigentümer mit eine Feuerlöscher erfolgreich bekämpft. Wir sicherten das Auto gegen wegrollen, stellten den Brandschutz sicher und überprüften die Temperatur des Fahrzeugs mit Hilfe unserer Wärmebildcamera.</div>
</div>
<div class="x14z9mp xat24cr x1lziwak x1vvkbs xtlvy1s x126k92a">
<div dir="auto">Nach etwa 1,5 Stunden war der Einsatz beendet und wir konnten wieder ins Gerätehaus einrücken.</div>
</div>
