{"id":13655,"date":"2025-07-31T07:48:00","date_gmt":"2025-07-31T05:48:00","guid":{"rendered":"https:\/\/ffw-weilersbach.de\/wordpress\/?post_type=einsatz&#038;p=13655"},"modified":"2025-07-31T21:46:13","modified_gmt":"2025-07-31T19:46:13","slug":"verkehrsunfall-am-31-07-2025-zwischen-pretzfeld-und-wannbach-am-abzweigung-hagenbach","status":"publish","type":"einsatz","link":"https:\/\/ffw-weilersbach.de\/wordpress\/archive\/einsaetze\/verkehrsunfall-am-31-07-2025-zwischen-pretzfeld-und-wannbach-am-abzweigung-hagenbach","title":{"rendered":"Verkehrsunfall am 31.07.2025 zwischen Pretzfeld und Wannbach am Abzweigung Hagenbach"},"content":{"rendered":"<p><span class=\"x1lliihq x1plvlek xryxfnj x1n2onr6 x1ji0vk5 x18bv5gf x193iq5w xeuugli x1fj9vlw x13faqbe x1vvkbs x1s928wv xhkezso x1gmr53x x1cpjm7i x1fgarty x1943h6x x1i0vuye xvs91rp xo1l8bm x5n08af x10wh9bi xpm28yp x8viiok x1o7cslx\" dir=\"auto\"><span class=\"x193iq5w xeuugli x13faqbe x1vvkbs xt0psk2 x1i0vuye xvs91rp xo1l8bm x5n08af x10wh9bi xpm28yp x8viiok x1o7cslx x126k92a\">Am 31.07.2025 um 07:48 Uhr wurden wir mit dem Einsatzstichwort \u201eTHL 3 \u2013 Verkehrsunfall, 1\u20132 Personen eingeklemmt\u201c alarmiert.&nbsp;<br \/>\nBeim Eintreffen an der Einsatzstelle zwischen Pretzfeld und Wannbach am Abzweigung Hagenbach best\u00e4tigte sich das Meldebild: Nach einer Kollision zwischen einem Linienbus und einem PKW war eine Person im Fahrzeug eingeklemmt. Die Feuerwehr Kirchehrenbach, die als erste am Unfallort eintraf, hatte bereits mit ihrem hydraulischen Rettungssatz mit der technischen Rettung begonnen. Wir unterst\u00fctzten umgehend mit unserem Rettungssatz bei der Befreiung der eingeklemmten Person. Nach erfolgreicher, gemeinsamer Rettung \u00fcbernahmen wir mit unserem LF 20 die Sperrung der Stra\u00dfe, um eine sichere Landung des Rettungshubschraubers zu erm\u00f6glichen. Unser zweites L\u00f6schgruppenfahrzeug \u00fcbernahm die Verkehrsregelung im inner\u00f6rtlichen Bereich von Pretzfeld.<\/span><\/span><\/p>\n<p><a href=\"https:\/\/www.infranken.de\/lk\/forchheim\/blaulicht\/kreis-forchheim-auto-kracht-beim-abbiegen-in-schulbus-mann-eingeklemmt-und-schwer-verletzt-art-6248258\" target=\"_blank\" rel=\"noopener\">Bericht bei infranken.de<\/a><\/p>\n<p><span class=\"x1lliihq x1plvlek xryxfnj x1n2onr6 x1ji0vk5 x18bv5gf x193iq5w xeuugli x1fj9vlw x13faqbe x1vvkbs x1s928wv xhkezso x1gmr53x x1cpjm7i x1fgarty x1943h6x x1i0vuye xvs91rp xo1l8bm x5n08af x10wh9bi xpm28yp x8viiok x1o7cslx\" dir=\"auto\"><span class=\"x193iq5w xeuugli x13faqbe x1vvkbs xt0psk2 x1i0vuye xvs91rp xo1l8bm x5n08af x10wh9bi xpm28yp x8viiok x1o7cslx x126k92a\"><br \/>\n<\/span><\/span><img loading=\"lazy\" decoding=\"async\" class=\"aligncenter size-large wp-image-13658\" src=\"https:\/\/ffw-weilersbach.de\/wordpress\/wp-content\/uploads\/2025\/07\/525226717_1176570067843470_7294295171212117597_n-700x933.jpg\" alt=\"\" width=\"700\" height=\"933\" srcset=\"https:\/\/ffw-weilersbach.de\/wordpress\/wp-content\/uploads\/2025\/07\/525226717_1176570067843470_7294295171212117597_n-700x933.jpg 700w, https:\/\/ffw-weilersbach.de\/wordpress\/wp-content\/uploads\/2025\/07\/525226717_1176570067843470_7294295171212117597_n-225x300.jpg 225w, https:\/\/ffw-weilersbach.de\/wordpress\/wp-content\/uploads\/2025\/07\/525226717_1176570067843470_7294295171212117597_n-768x1024.jpg 768w, https:\/\/ffw-weilersbach.de\/wordpress\/wp-content\/uploads\/2025\/07\/525226717_1176570067843470_7294295171212117597_n-1152x1536.jpg 1152w, https:\/\/ffw-weilersbach.de\/wordpress\/wp-content\/uploads\/2025\/07\/525226717_1176570067843470_7294295171212117597_n.jpg 1536w\" sizes=\"auto, (max-width: 700px) 100vw, 700px\" \/> <img loading=\"lazy\" decoding=\"async\" class=\"aligncenter size-large wp-image-13656\" src=\"https:\/\/ffw-weilersbach.de\/wordpress\/wp-content\/uploads\/2025\/07\/526671972_1176570141176796_2681056547554567774_n-700x933.jpg\" alt=\"\" width=\"700\" height=\"933\" srcset=\"https:\/\/ffw-weilersbach.de\/wordpress\/wp-content\/uploads\/2025\/07\/526671972_1176570141176796_2681056547554567774_n-700x933.jpg 700w, https:\/\/ffw-weilersbach.de\/wordpress\/wp-content\/uploads\/2025\/07\/526671972_1176570141176796_2681056547554567774_n-225x300.jpg 225w, https:\/\/ffw-weilersbach.de\/wordpress\/wp-content\/uploads\/2025\/07\/526671972_1176570141176796_2681056547554567774_n-768x1024.jpg 768w, https:\/\/ffw-weilersbach.de\/wordpress\/wp-content\/uploads\/2025\/07\/526671972_1176570141176796_2681056547554567774_n-1152x1536.jpg 1152w, https:\/\/ffw-weilersbach.de\/wordpress\/wp-content\/uploads\/2025\/07\/526671972_1176570141176796_2681056547554567774_n.jpg 1536w\" sizes=\"auto, (max-width: 700px) 100vw, 700px\" \/> <img loading=\"lazy\" decoding=\"async\" class=\"aligncenter size-large wp-image-13657\" src=\"https:\/\/ffw-weilersbach.de\/wordpress\/wp-content\/uploads\/2025\/07\/525227921_1176570077843469_5724364541836800126_n-700x933.jpg\" alt=\"\" width=\"700\" height=\"933\" srcset=\"https:\/\/ffw-weilersbach.de\/wordpress\/wp-content\/uploads\/2025\/07\/525227921_1176570077843469_5724364541836800126_n-700x933.jpg 700w, https:\/\/ffw-weilersbach.de\/wordpress\/wp-content\/uploads\/2025\/07\/525227921_1176570077843469_5724364541836800126_n-225x300.jpg 225w, https:\/\/ffw-weilersbach.de\/wordpress\/wp-content\/uploads\/2025\/07\/525227921_1176570077843469_5724364541836800126_n-768x1024.jpg 768w, https:\/\/ffw-weilersbach.de\/wordpress\/wp-content\/uploads\/2025\/07\/525227921_1176570077843469_5724364541836800126_n-1152x1536.jpg 1152w, https:\/\/ffw-weilersbach.de\/wordpress\/wp-content\/uploads\/2025\/07\/525227921_1176570077843469_5724364541836800126_n.jpg 1536w\" sizes=\"auto, (max-width: 700px) 100vw, 700px\" \/><\/p>\n","protected":false},"author":1,"featured_media":13657,"template":"","meta":{"ngg_post_thumbnail":0,"einsatz_weight":1,"footnotes":""},"categories":[2],"tags":[110,109,111,40,108,50],"einsatzart":[32],"fahrzeug":[35,34,37],"exteinsatzmittel":[101,92,91,112,115,100,116,114],"alarmierungsart":[43,45,42],"evw_unit":[],"class_list":["post-13655","einsatz","type-einsatz","status-publish","has-post-thumbnail","hentry","category-einsatz","tag-eingeklemmte-person","tag-rettungshubschrauber","tag-technischen-rettung","tag-thl3","tag-unfall","tag-verkehrsregelung","einsatzart-thl","fahrzeug-lf-20-16","fahrzeug-lf-8-6","fahrzeug-mtw","exteinsatzmittel-brk","exteinsatzmittel-ffw-hagenbach","exteinsatzmittel-ffw-kirchehrenbach","exteinsatzmittel-ffw-luetzelsdorf","exteinsatzmittel-ffw-wannbach","exteinsatzmittel-polizei","exteinsatzmittel-rettungsdienst","exteinsatzmittel-rettungshubschrauber","alarmierungsart-handyapp","alarmierungsart-pager","alarmierungsart-sirene"],"_links":{"self":[{"href":"https:\/\/ffw-weilersbach.de\/wordpress\/wp-json\/wp\/v2\/einsatz\/13655","targetHints":{"allow":["GET"]}}],"collection":[{"href":"https:\/\/ffw-weilersbach.de\/wordpress\/wp-json\/wp\/v2\/einsatz"}],"about":[{"href":"https:\/\/ffw-weilersbach.de\/wordpress\/wp-json\/wp\/v2\/types\/einsatz"}],"author":[{"embeddable":true,"href":"https:\/\/ffw-weilersbach.de\/wordpress\/wp-json\/wp\/v2\/users\/1"}],"version-history":[{"count":3,"href":"https:\/\/ffw-weilersbach.de\/wordpress\/wp-json\/wp\/v2\/einsatz\/13655\/revisions"}],"predecessor-version":[{"id":13661,"href":"https:\/\/ffw-weilersbach.de\/wordpress\/wp-json\/wp\/v2\/einsatz\/13655\/revisions\/13661"}],"wp:featuredmedia":[{"embeddable":true,"href":"https:\/\/ffw-weilersbach.de\/wordpress\/wp-json\/wp\/v2\/media\/13657"}],"wp:attachment":[{"href":"https:\/\/ffw-weilersbach.de\/wordpress\/wp-json\/wp\/v2\/media?parent=13655"}],"wp:term":[{"taxonomy":"category","embeddable":true,"href":"https:\/\/ffw-weilersbach.de\/wordpress\/wp-json\/wp\/v2\/categories?post=13655"},{"taxonomy":"post_tag","embeddable":true,"href":"https:\/\/ffw-weilersbach.de\/wordpress\/wp-json\/wp\/v2\/tags?post=13655"},{"taxonomy":"einsatzart","embeddable":true,"href":"https:\/\/ffw-weilersbach.de\/wordpress\/wp-json\/wp\/v2\/einsatzart?post=13655"},{"taxonomy":"fahrzeug","embeddable":true,"href":"https:\/\/ffw-weilersbach.de\/wordpress\/wp-json\/wp\/v2\/fahrzeug?post=13655"},{"taxonomy":"exteinsatzmittel","embeddable":true,"href":"https:\/\/ffw-weilersbach.de\/wordpress\/wp-json\/wp\/v2\/exteinsatzmittel?post=13655"},{"taxonomy":"alarmierungsart","embeddable":true,"href":"https:\/\/ffw-weilersbach.de\/wordpress\/wp-json\/wp\/v2\/alarmierungsart?post=13655"},{"taxonomy":"evw_unit","embeddable":true,"href":"https:\/\/ffw-weilersbach.de\/wordpress\/wp-json\/wp\/v2\/evw_unit?post=13655"}],"curies":[{"name":"wp","href":"https:\/\/api.w.org\/{rel}","templated":true}]}}

<p><span class="x1lliihq x1plvlek xryxfnj x1n2onr6 x1ji0vk5 x18bv5gf x193iq5w xeuugli x1fj9vlw x13faqbe x1vvkbs x1s928wv xhkezso x1gmr53x x1cpjm7i x1fgarty x1943h6x x1i0vuye xvs91rp xo1l8bm x5n08af x10wh9bi xpm28yp x8viiok x1o7cslx" dir="auto"><span class="x193iq5w xeuugli x13faqbe x1vvkbs xt0psk2 x1i0vuye xvs91rp xo1l8bm x5n08af x10wh9bi xpm28yp x8viiok x1o7cslx x126k92a">Am 31.07.2025 um 07:48 Uhr wurden wir mit dem Einsatzstichwort „THL 3 – Verkehrsunfall, 1–2 Personen eingeklemmt“ alarmiert.&nbsp;<br />
Beim Eintreffen an der Einsatzstelle zwischen Pretzfeld und Wannbach am Abzweigung Hagenbach bestätigte sich das Meldebild: Nach einer Kollision zwischen einem Linienbus und einem PKW war eine Person im Fahrzeug eingeklemmt. Die Feuerwehr Kirchehrenbach, die als erste am Unfallort eintraf, hatte bereits mit ihrem hydraulischen Rettungssatz mit der technischen Rettung begonnen. Wir unterstützten umgehend mit unserem Rettungssatz bei der Befreiung der eingeklemmten Person. Nach erfolgreicher, gemeinsamer Rettung übernahmen wir mit unserem LF 20 die Sperrung der Straße, um eine sichere Landung des Rettungshubschraubers zu ermöglichen. Unser zweites Löschgruppenfahrzeug übernahm die Verkehrsregelung im innerörtlichen Bereich von Pretzfeld.</span></span></p>
<p><a href="https://www.infranken.de/lk/forchheim/blaulicht/kreis-forchheim-auto-kracht-beim-abbiegen-in-schulbus-mann-eingeklemmt-und-schwer-verletzt-art-6248258" target="_blank" rel="noopener">Bericht bei infranken.de</a></p>
<p><span class="x1lliihq x1plvlek xryxfnj x1n2onr6 x1ji0vk5 x18bv5gf x193iq5w xeuugli x1fj9vlw x13faqbe x1vvkbs x1s928wv xhkezso x1gmr53x x1cpjm7i x1fgarty x1943h6x x1i0vuye xvs91rp xo1l8bm x5n08af x10wh9bi xpm28yp x8viiok x1o7cslx" dir="auto"><span class="x193iq5w xeuugli x13faqbe x1vvkbs xt0psk2 x1i0vuye xvs91rp xo1l8bm x5n08af x10wh9bi xpm28yp x8viiok x1o7cslx x126k92a"><br />
</span></span><img loading="lazy" decoding="async" class="aligncenter size-large wp-image-13658" src="https://ffw-weilersbach.de/wordpress/wp-content/uploads/2025/07/525226717_1176570067843470_7294295171212117597_n-700x933.jpg" alt="" width="700" height="933" srcset="https://ffw-weilersbach.de/wordpress/wp-content/uploads/2025/07/525226717_1176570067843470_7294295171212117597_n-700x933.jpg 700w, https://ffw-weilersbach.de/wordpress/wp-content/uploads/2025/07/525226717_1176570067843470_7294295171212117597_n-225x300.jpg 225w, https://ffw-weilersbach.de/wordpress/wp-content/uploads/2025/07/525226717_1176570067843470_7294295171212117597_n-768x1024.jpg 768w, https://ffw-weilersbach.de/wordpress/wp-content/uploads/2025/07/525226717_1176570067843470_7294295171212117597_n-1152x1536.jpg 1152w, https://ffw-weilersbach.de/wordpress/wp-content/uploads/2025/07/525226717_1176570067843470_7294295171212117597_n.jpg 1536w" sizes="auto, (max-width: 700px) 100vw, 700px" /> <img loading="lazy" decoding="async" class="aligncenter size-large wp-image-13656" src="https://ffw-weilersbach.de/wordpress/wp-content/uploads/2025/07/526671972_1176570141176796_2681056547554567774_n-700x933.jpg" alt="" width="700" height="933" srcset="https://ffw-weilersbach.de/wordpress/wp-content/uploads/2025/07/526671972_1176570141176796_2681056547554567774_n-700x933.jpg 700w, https://ffw-weilersbach.de/wordpress/wp-content/uploads/2025/07/526671972_1176570141176796_2681056547554567774_n-225x300.jpg 225w, https://ffw-weilersbach.de/wordpress/wp-content/uploads/2025/07/526671972_1176570141176796_2681056547554567774_n-768x1024.jpg 768w, https://ffw-weilersbach.de/wordpress/wp-content/uploads/2025/07/526671972_1176570141176796_2681056547554567774_n-1152x1536.jpg 1152w, https://ffw-weilersbach.de/wordpress/wp-content/uploads/2025/07/526671972_1176570141176796_2681056547554567774_n.jpg 1536w" sizes="auto, (max-width: 700px) 100vw, 700px" /> <img loading="lazy" decoding="async" class="aligncenter size-large wp-image-13657" src="https://ffw-weilersbach.de/wordpress/wp-content/uploads/2025/07/525227921_1176570077843469_5724364541836800126_n-700x933.jpg" alt="" width="700" height="933" srcset="https://ffw-weilersbach.de/wordpress/wp-content/uploads/2025/07/525227921_1176570077843469_5724364541836800126_n-700x933.jpg 700w, https://ffw-weilersbach.de/wordpress/wp-content/uploads/2025/07/525227921_1176570077843469_5724364541836800126_n-225x300.jpg 225w, https://ffw-weilersbach.de/wordpress/wp-content/uploads/2025/07/525227921_1176570077843469_5724364541836800126_n-768x1024.jpg 768w, https://ffw-weilersbach.de/wordpress/wp-content/uploads/2025/07/525227921_1176570077843469_5724364541836800126_n-1152x1536.jpg 1152w, https://ffw-weilersbach.de/wordpress/wp-content/uploads/2025/07/525227921_1176570077843469_5724364541836800126_n.jpg 1536w" sizes="auto, (max-width: 700px) 100vw, 700px" /></p>
