{"id":13406,"date":"2025-05-24T20:32:00","date_gmt":"2025-05-24T18:32:00","guid":{"rendered":"https:\/\/ffw-weilersbach.de\/wordpress\/?post_type=einsatz&#038;p=13406"},"modified":"2025-05-26T21:25:05","modified_gmt":"2025-05-26T19:25:05","slug":"brand-in-kirchehrenbach-am-24-05-2025","status":"publish","type":"einsatz","link":"https:\/\/ffw-weilersbach.de\/wordpress\/archive\/einsaetze\/brand-in-kirchehrenbach-am-24-05-2025","title":{"rendered":"Brand in Kirchehrenbach am 24.05.2025"},"content":{"rendered":"<p>Einsatz in der Bahnhofstra\u00dfe in Kirchehrenbach mit dem Stichwort: B3 im Geb\u00e4ude, Zimmer. Vor Ort unterst\u00fctzten wir die L\u00f6scharbeiten mit mehreren Atemschutztrupps. Zudem stellten wir einen Sicherungstrupp f\u00fcr die eingesetzten Kr\u00e4fte anderer Feuerwehren. Gemeinsam mit den Kameraden aus Ebermannstadt arbeiteten wir in einem Mischtrupp auf der Drehleiter, um den Brand von oben zu bek\u00e4mpfen und die Dachhaut abzutragen. Zum Einsatz kam auch die Drohne unserer Feuerwehr, um sich einen \u00dcberblick \u00fcber den Einsatzort zu verschaffen und um Glutnester aus der Luft aufzusp\u00fcren und gezielte Nachl\u00f6scharbeiten zu erm\u00f6glichen. Nach rund drei Stunden konnten wir den Einsatz beenden und ins Ger\u00e4tehaus zur\u00fcckkehren.<\/p>\n<p><img loading=\"lazy\" decoding=\"async\" class=\"aligncenter size-large wp-image-13417\" src=\"https:\/\/ffw-weilersbach.de\/wordpress\/wp-content\/uploads\/2025\/05\/500977254_1123127956521015_3295456826240205395_n-700x933.jpg\" alt=\"\" width=\"700\" height=\"933\" srcset=\"https:\/\/ffw-weilersbach.de\/wordpress\/wp-content\/uploads\/2025\/05\/500977254_1123127956521015_3295456826240205395_n-700x933.jpg 700w, https:\/\/ffw-weilersbach.de\/wordpress\/wp-content\/uploads\/2025\/05\/500977254_1123127956521015_3295456826240205395_n-225x300.jpg 225w, https:\/\/ffw-weilersbach.de\/wordpress\/wp-content\/uploads\/2025\/05\/500977254_1123127956521015_3295456826240205395_n-768x1024.jpg 768w, https:\/\/ffw-weilersbach.de\/wordpress\/wp-content\/uploads\/2025\/05\/500977254_1123127956521015_3295456826240205395_n-1152x1536.jpg 1152w, https:\/\/ffw-weilersbach.de\/wordpress\/wp-content\/uploads\/2025\/05\/500977254_1123127956521015_3295456826240205395_n.jpg 1536w\" sizes=\"auto, (max-width: 700px) 100vw, 700px\" \/> <img loading=\"lazy\" decoding=\"async\" class=\"aligncenter size-large wp-image-13418\" src=\"https:\/\/ffw-weilersbach.de\/wordpress\/wp-content\/uploads\/2025\/05\/500655839_1123127949854349_6810336640121041972_n-700x525.jpg\" alt=\"\" width=\"700\" height=\"525\" srcset=\"https:\/\/ffw-weilersbach.de\/wordpress\/wp-content\/uploads\/2025\/05\/500655839_1123127949854349_6810336640121041972_n-700x525.jpg 700w, https:\/\/ffw-weilersbach.de\/wordpress\/wp-content\/uploads\/2025\/05\/500655839_1123127949854349_6810336640121041972_n-300x225.jpg 300w, https:\/\/ffw-weilersbach.de\/wordpress\/wp-content\/uploads\/2025\/05\/500655839_1123127949854349_6810336640121041972_n-768x576.jpg 768w, https:\/\/ffw-weilersbach.de\/wordpress\/wp-content\/uploads\/2025\/05\/500655839_1123127949854349_6810336640121041972_n-1536x1152.jpg 1536w, https:\/\/ffw-weilersbach.de\/wordpress\/wp-content\/uploads\/2025\/05\/500655839_1123127949854349_6810336640121041972_n.jpg 2048w\" sizes=\"auto, (max-width: 700px) 100vw, 700px\" \/><\/p>\n<p>&nbsp;<\/p>\n","protected":false},"author":1,"featured_media":13418,"template":"","meta":{"ngg_post_thumbnail":0,"einsatz_weight":1,"footnotes":""},"categories":[67,2],"tags":[106,44,105],"einsatzart":[33],"fahrzeug":[35,34,37,36],"exteinsatzmittel":[74,92,91,107,90],"alarmierungsart":[43,45,42,51],"evw_unit":[],"class_list":["post-13406","einsatz","type-einsatz","status-publish","has-post-thumbnail","hentry","category-drohnengruppe","category-einsatz","tag-atemschutztraeger","tag-b3","tag-drohneneinsatz","einsatzart-brand","fahrzeug-lf-20-16","fahrzeug-lf-8-6","fahrzeug-mtw","fahrzeug-mzf","exteinsatzmittel-ffw-ebs","exteinsatzmittel-ffw-hagenbach","exteinsatzmittel-ffw-kirchehrenbach","exteinsatzmittel-ffw-leutenbach","exteinsatzmittel-ffw-pretzfeld","alarmierungsart-handyapp","alarmierungsart-pager","alarmierungsart-sirene","alarmierungsart-whatsapp"],"_links":{"self":[{"href":"https:\/\/ffw-weilersbach.de\/wordpress\/wp-json\/wp\/v2\/einsatz\/13406","targetHints":{"allow":["GET"]}}],"collection":[{"href":"https:\/\/ffw-weilersbach.de\/wordpress\/wp-json\/wp\/v2\/einsatz"}],"about":[{"href":"https:\/\/ffw-weilersbach.de\/wordpress\/wp-json\/wp\/v2\/types\/einsatz"}],"author":[{"embeddable":true,"href":"https:\/\/ffw-weilersbach.de\/wordpress\/wp-json\/wp\/v2\/users\/1"}],"version-history":[{"count":4,"href":"https:\/\/ffw-weilersbach.de\/wordpress\/wp-json\/wp\/v2\/einsatz\/13406\/revisions"}],"predecessor-version":[{"id":13419,"href":"https:\/\/ffw-weilersbach.de\/wordpress\/wp-json\/wp\/v2\/einsatz\/13406\/revisions\/13419"}],"wp:featuredmedia":[{"embeddable":true,"href":"https:\/\/ffw-weilersbach.de\/wordpress\/wp-json\/wp\/v2\/media\/13418"}],"wp:attachment":[{"href":"https:\/\/ffw-weilersbach.de\/wordpress\/wp-json\/wp\/v2\/media?parent=13406"}],"wp:term":[{"taxonomy":"category","embeddable":true,"href":"https:\/\/ffw-weilersbach.de\/wordpress\/wp-json\/wp\/v2\/categories?post=13406"},{"taxonomy":"post_tag","embeddable":true,"href":"https:\/\/ffw-weilersbach.de\/wordpress\/wp-json\/wp\/v2\/tags?post=13406"},{"taxonomy":"einsatzart","embeddable":true,"href":"https:\/\/ffw-weilersbach.de\/wordpress\/wp-json\/wp\/v2\/einsatzart?post=13406"},{"taxonomy":"fahrzeug","embeddable":true,"href":"https:\/\/ffw-weilersbach.de\/wordpress\/wp-json\/wp\/v2\/fahrzeug?post=13406"},{"taxonomy":"exteinsatzmittel","embeddable":true,"href":"https:\/\/ffw-weilersbach.de\/wordpress\/wp-json\/wp\/v2\/exteinsatzmittel?post=13406"},{"taxonomy":"alarmierungsart","embeddable":true,"href":"https:\/\/ffw-weilersbach.de\/wordpress\/wp-json\/wp\/v2\/alarmierungsart?post=13406"},{"taxonomy":"evw_unit","embeddable":true,"href":"https:\/\/ffw-weilersbach.de\/wordpress\/wp-json\/wp\/v2\/evw_unit?post=13406"}],"curies":[{"name":"wp","href":"https:\/\/api.w.org\/{rel}","templated":true}]}}

<p>Einsatz in der Bahnhofstraße in Kirchehrenbach mit dem Stichwort: B3 im Gebäude, Zimmer. Vor Ort unterstützten wir die Löscharbeiten mit mehreren Atemschutztrupps. Zudem stellten wir einen Sicherungstrupp für die eingesetzten Kräfte anderer Feuerwehren. Gemeinsam mit den Kameraden aus Ebermannstadt arbeiteten wir in einem Mischtrupp auf der Drehleiter, um den Brand von oben zu bekämpfen und die Dachhaut abzutragen. Zum Einsatz kam auch die Drohne unserer Feuerwehr, um sich einen Überblick über den Einsatzort zu verschaffen und um Glutnester aus der Luft aufzuspüren und gezielte Nachlöscharbeiten zu ermöglichen. Nach rund drei Stunden konnten wir den Einsatz beenden und ins Gerätehaus zurückkehren.</p>
<p><img loading="lazy" decoding="async" class="aligncenter size-large wp-image-13417" src="https://ffw-weilersbach.de/wordpress/wp-content/uploads/2025/05/500977254_1123127956521015_3295456826240205395_n-700x933.jpg" alt="" width="700" height="933" srcset="https://ffw-weilersbach.de/wordpress/wp-content/uploads/2025/05/500977254_1123127956521015_3295456826240205395_n-700x933.jpg 700w, https://ffw-weilersbach.de/wordpress/wp-content/uploads/2025/05/500977254_1123127956521015_3295456826240205395_n-225x300.jpg 225w, https://ffw-weilersbach.de/wordpress/wp-content/uploads/2025/05/500977254_1123127956521015_3295456826240205395_n-768x1024.jpg 768w, https://ffw-weilersbach.de/wordpress/wp-content/uploads/2025/05/500977254_1123127956521015_3295456826240205395_n-1152x1536.jpg 1152w, https://ffw-weilersbach.de/wordpress/wp-content/uploads/2025/05/500977254_1123127956521015_3295456826240205395_n.jpg 1536w" sizes="auto, (max-width: 700px) 100vw, 700px" /> <img loading="lazy" decoding="async" class="aligncenter size-large wp-image-13418" src="https://ffw-weilersbach.de/wordpress/wp-content/uploads/2025/05/500655839_1123127949854349_6810336640121041972_n-700x525.jpg" alt="" width="700" height="525" srcset="https://ffw-weilersbach.de/wordpress/wp-content/uploads/2025/05/500655839_1123127949854349_6810336640121041972_n-700x525.jpg 700w, https://ffw-weilersbach.de/wordpress/wp-content/uploads/2025/05/500655839_1123127949854349_6810336640121041972_n-300x225.jpg 300w, https://ffw-weilersbach.de/wordpress/wp-content/uploads/2025/05/500655839_1123127949854349_6810336640121041972_n-768x576.jpg 768w, https://ffw-weilersbach.de/wordpress/wp-content/uploads/2025/05/500655839_1123127949854349_6810336640121041972_n-1536x1152.jpg 1536w, https://ffw-weilersbach.de/wordpress/wp-content/uploads/2025/05/500655839_1123127949854349_6810336640121041972_n.jpg 2048w" sizes="auto, (max-width: 700px) 100vw, 700px" /></p>
<p>&nbsp;</p>
