{"id":13383,"date":"2025-04-27T12:28:00","date_gmt":"2025-04-27T10:28:00","guid":{"rendered":"https:\/\/ffw-weilersbach.de\/wordpress\/?post_type=einsatz&#038;p=13383"},"modified":"2025-04-27T17:06:48","modified_gmt":"2025-04-27T15:06:48","slug":"rettung-einer-eingeschlossenen-person-tueroeffnung-am-27-04-2025","status":"publish","type":"einsatz","link":"https:\/\/ffw-weilersbach.de\/wordpress\/archive\/einsaetze\/rettung-einer-eingeschlossenen-person-tueroeffnung-am-27-04-2025","title":{"rendered":"Rettung einer eingeschlossenen Person (T\u00fcr\u00f6ffnung) am 27.04.2025"},"content":{"rendered":"<p>Einsatz in der Hauptstra\u00dfe mit dem Stichwort:&nbsp; Person eingeschlossen, Rettung, Wohnung \u00f6ffnen. Nach \u00d6ffnen der Wohnungst\u00fcr konnte die&nbsp; zu rettenden Person wohlbehalten aufgefunden werden. Somit war der Einsatz beendet und wir konnten wieder ins Ger\u00e4tehaus einr\u00fccken.&nbsp;<\/p>\n","protected":false},"author":1,"featured_media":9805,"template":"","meta":{"ngg_post_thumbnail":0,"einsatz_weight":1,"footnotes":""},"categories":[2],"tags":[57,97,98],"einsatzart":[32],"fahrzeug":[35,36],"exteinsatzmittel":[101,99,100],"alarmierungsart":[43,45,42],"evw_unit":[],"class_list":["post-13383","einsatz","type-einsatz","status-publish","has-post-thumbnail","hentry","category-einsatz","tag-thl","tag-tueroeffnung","tag-wohnung-oeffnen","einsatzart-thl","fahrzeug-lf-20-16","fahrzeug-mzf","exteinsatzmittel-brk","exteinsatzmittel-ffw-reuth","exteinsatzmittel-polizei","alarmierungsart-handyapp","alarmierungsart-pager","alarmierungsart-sirene"],"_links":{"self":[{"href":"https:\/\/ffw-weilersbach.de\/wordpress\/wp-json\/wp\/v2\/einsatz\/13383","targetHints":{"allow":["GET"]}}],"collection":[{"href":"https:\/\/ffw-weilersbach.de\/wordpress\/wp-json\/wp\/v2\/einsatz"}],"about":[{"href":"https:\/\/ffw-weilersbach.de\/wordpress\/wp-json\/wp\/v2\/types\/einsatz"}],"author":[{"embeddable":true,"href":"https:\/\/ffw-weilersbach.de\/wordpress\/wp-json\/wp\/v2\/users\/1"}],"version-history":[{"count":1,"href":"https:\/\/ffw-weilersbach.de\/wordpress\/wp-json\/wp\/v2\/einsatz\/13383\/revisions"}],"predecessor-version":[{"id":13384,"href":"https:\/\/ffw-weilersbach.de\/wordpress\/wp-json\/wp\/v2\/einsatz\/13383\/revisions\/13384"}],"wp:featuredmedia":[{"embeddable":true,"href":"https:\/\/ffw-weilersbach.de\/wordpress\/wp-json\/wp\/v2\/media\/9805"}],"wp:attachment":[{"href":"https:\/\/ffw-weilersbach.de\/wordpress\/wp-json\/wp\/v2\/media?parent=13383"}],"wp:term":[{"taxonomy":"category","embeddable":true,"href":"https:\/\/ffw-weilersbach.de\/wordpress\/wp-json\/wp\/v2\/categories?post=13383"},{"taxonomy":"post_tag","embeddable":true,"href":"https:\/\/ffw-weilersbach.de\/wordpress\/wp-json\/wp\/v2\/tags?post=13383"},{"taxonomy":"einsatzart","embeddable":true,"href":"https:\/\/ffw-weilersbach.de\/wordpress\/wp-json\/wp\/v2\/einsatzart?post=13383"},{"taxonomy":"fahrzeug","embeddable":true,"href":"https:\/\/ffw-weilersbach.de\/wordpress\/wp-json\/wp\/v2\/fahrzeug?post=13383"},{"taxonomy":"exteinsatzmittel","embeddable":true,"href":"https:\/\/ffw-weilersbach.de\/wordpress\/wp-json\/wp\/v2\/exteinsatzmittel?post=13383"},{"taxonomy":"alarmierungsart","embeddable":true,"href":"https:\/\/ffw-weilersbach.de\/wordpress\/wp-json\/wp\/v2\/alarmierungsart?post=13383"},{"taxonomy":"evw_unit","embeddable":true,"href":"https:\/\/ffw-weilersbach.de\/wordpress\/wp-json\/wp\/v2\/evw_unit?post=13383"}],"curies":[{"name":"wp","href":"https:\/\/api.w.org\/{rel}","templated":true}]}}

Rettung einer eingeschlossenen Person (Türöffnung) am 27.04.2025

<p>Einsatz in der Hauptstraße mit dem Stichwort:&nbsp; Person eingeschlossen, Rettung, Wohnung öffnen. Nach Öffnen der Wohnungstür konnte die&nbsp; zu rettenden Person wohlbehalten aufgefunden werden. Somit war der Einsatz beendet und wir konnten wieder ins Gerätehaus einrücken.&nbsp;</p>
