{"id":12404,"date":"2024-12-01T15:30:00","date_gmt":"2024-12-01T14:30:00","guid":{"rendered":"https:\/\/ffw-weilersbach.de\/wordpress\/?post_type=einsatz&#038;p=12404"},"modified":"2024-12-02T18:34:18","modified_gmt":"2024-12-02T17:34:18","slug":"brandschutz-adventsmarkt-am-30-11-2024-und-am-01-12-2024","status":"publish","type":"einsatz","link":"https:\/\/ffw-weilersbach.de\/wordpress\/archive\/einsaetze\/brandschutz-adventsmarkt-am-30-11-2024-und-am-01-12-2024","title":{"rendered":"Brandschutz Adventsmarkt am 30.11.2024 und am 01.12.2024"},"content":{"rendered":"<div class=\"x11i5rnm xat24cr x1mh8g0r x1vvkbs xtlvy1s x126k92a\">\n<div dir=\"auto\">An diesem Wochenende fand wieder unser Weihnachtsmarkt in Weilersbach statt. Wir stellten mit einem kleinen Teil an Aktiven den Brandschutz sicher. Unsere Jugendfeuerwehr half wieder tatkr\u00e4ftig beim regelm\u00e4\u00dfigen Auff\u00fcllen der Feuerschalen mit Holz mit.<\/div>\n<\/div>\n<div class=\"x11i5rnm xat24cr x1mh8g0r x1vvkbs xtlvy1s x126k92a\">\n<div dir=\"auto\">Zeitgleich betrieb der Feuerwehrverein eine Gl\u00fchweinbude. Ein Dank geht an alle Helfer.<\/div>\n<div dir=\"auto\">&nbsp;<\/div>\n<div dir=\"auto\"><img loading=\"lazy\" decoding=\"async\" class=\"aligncenter size-large wp-image-12405\" src=\"https:\/\/ffw-weilersbach.de\/wordpress\/wp-content\/uploads\/2024\/12\/468873372_989601503206995_8602282823598357441_n-700x525.jpg\" alt=\"\" width=\"700\" height=\"525\" srcset=\"https:\/\/ffw-weilersbach.de\/wordpress\/wp-content\/uploads\/2024\/12\/468873372_989601503206995_8602282823598357441_n-700x525.jpg 700w, https:\/\/ffw-weilersbach.de\/wordpress\/wp-content\/uploads\/2024\/12\/468873372_989601503206995_8602282823598357441_n-300x225.jpg 300w, https:\/\/ffw-weilersbach.de\/wordpress\/wp-content\/uploads\/2024\/12\/468873372_989601503206995_8602282823598357441_n-768x576.jpg 768w, https:\/\/ffw-weilersbach.de\/wordpress\/wp-content\/uploads\/2024\/12\/468873372_989601503206995_8602282823598357441_n-1536x1152.jpg 1536w, https:\/\/ffw-weilersbach.de\/wordpress\/wp-content\/uploads\/2024\/12\/468873372_989601503206995_8602282823598357441_n.jpg 2048w\" sizes=\"auto, (max-width: 700px) 100vw, 700px\" \/> <img loading=\"lazy\" decoding=\"async\" class=\"aligncenter size-large wp-image-12406\" src=\"https:\/\/ffw-weilersbach.de\/wordpress\/wp-content\/uploads\/2024\/12\/wm2024-700x525.jpg\" alt=\"\" width=\"700\" height=\"525\" srcset=\"https:\/\/ffw-weilersbach.de\/wordpress\/wp-content\/uploads\/2024\/12\/wm2024-700x525.jpg 700w, https:\/\/ffw-weilersbach.de\/wordpress\/wp-content\/uploads\/2024\/12\/wm2024-300x225.jpg 300w, https:\/\/ffw-weilersbach.de\/wordpress\/wp-content\/uploads\/2024\/12\/wm2024-768x576.jpg 768w, https:\/\/ffw-weilersbach.de\/wordpress\/wp-content\/uploads\/2024\/12\/wm2024-1536x1152.jpg 1536w, https:\/\/ffw-weilersbach.de\/wordpress\/wp-content\/uploads\/2024\/12\/wm2024.jpg 1600w\" sizes=\"auto, (max-width: 700px) 100vw, 700px\" \/><\/div>\n<div dir=\"auto\">&nbsp;<\/div>\n<div dir=\"auto\">&nbsp;<\/div>\n<\/div>\n","protected":false},"author":1,"featured_media":12406,"template":"","meta":{"ngg_post_thumbnail":0,"einsatz_weight":1,"footnotes":""},"categories":[2,9],"tags":[70,49],"einsatzart":[],"fahrzeug":[34,36],"exteinsatzmittel":[],"alarmierungsart":[51],"evw_unit":[],"class_list":["post-12404","einsatz","type-einsatz","status-publish","has-post-thumbnail","hentry","category-einsatz","category-jugendfeuerwehr","tag-brandschutz","tag-brandwache","fahrzeug-lf-8-6","fahrzeug-mzf","alarmierungsart-whatsapp"],"_links":{"self":[{"href":"https:\/\/ffw-weilersbach.de\/wordpress\/wp-json\/wp\/v2\/einsatz\/12404","targetHints":{"allow":["GET"]}}],"collection":[{"href":"https:\/\/ffw-weilersbach.de\/wordpress\/wp-json\/wp\/v2\/einsatz"}],"about":[{"href":"https:\/\/ffw-weilersbach.de\/wordpress\/wp-json\/wp\/v2\/types\/einsatz"}],"author":[{"embeddable":true,"href":"https:\/\/ffw-weilersbach.de\/wordpress\/wp-json\/wp\/v2\/users\/1"}],"version-history":[{"count":3,"href":"https:\/\/ffw-weilersbach.de\/wordpress\/wp-json\/wp\/v2\/einsatz\/12404\/revisions"}],"predecessor-version":[{"id":12408,"href":"https:\/\/ffw-weilersbach.de\/wordpress\/wp-json\/wp\/v2\/einsatz\/12404\/revisions\/12408"}],"wp:featuredmedia":[{"embeddable":true,"href":"https:\/\/ffw-weilersbach.de\/wordpress\/wp-json\/wp\/v2\/media\/12406"}],"wp:attachment":[{"href":"https:\/\/ffw-weilersbach.de\/wordpress\/wp-json\/wp\/v2\/media?parent=12404"}],"wp:term":[{"taxonomy":"category","embeddable":true,"href":"https:\/\/ffw-weilersbach.de\/wordpress\/wp-json\/wp\/v2\/categories?post=12404"},{"taxonomy":"post_tag","embeddable":true,"href":"https:\/\/ffw-weilersbach.de\/wordpress\/wp-json\/wp\/v2\/tags?post=12404"},{"taxonomy":"einsatzart","embeddable":true,"href":"https:\/\/ffw-weilersbach.de\/wordpress\/wp-json\/wp\/v2\/einsatzart?post=12404"},{"taxonomy":"fahrzeug","embeddable":true,"href":"https:\/\/ffw-weilersbach.de\/wordpress\/wp-json\/wp\/v2\/fahrzeug?post=12404"},{"taxonomy":"exteinsatzmittel","embeddable":true,"href":"https:\/\/ffw-weilersbach.de\/wordpress\/wp-json\/wp\/v2\/exteinsatzmittel?post=12404"},{"taxonomy":"alarmierungsart","embeddable":true,"href":"https:\/\/ffw-weilersbach.de\/wordpress\/wp-json\/wp\/v2\/alarmierungsart?post=12404"},{"taxonomy":"evw_unit","embeddable":true,"href":"https:\/\/ffw-weilersbach.de\/wordpress\/wp-json\/wp\/v2\/evw_unit?post=12404"}],"curies":[{"name":"wp","href":"https:\/\/api.w.org\/{rel}","templated":true}]}}

<div class="x11i5rnm xat24cr x1mh8g0r x1vvkbs xtlvy1s x126k92a">
<div dir="auto">An diesem Wochenende fand wieder unser Weihnachtsmarkt in Weilersbach statt. Wir stellten mit einem kleinen Teil an Aktiven den Brandschutz sicher. Unsere Jugendfeuerwehr half wieder tatkräftig beim regelmäßigen Auffüllen der Feuerschalen mit Holz mit.</div>
</div>
<div class="x11i5rnm xat24cr x1mh8g0r x1vvkbs xtlvy1s x126k92a">
<div dir="auto">Zeitgleich betrieb der Feuerwehrverein eine Glühweinbude. Ein Dank geht an alle Helfer.</div>
<div dir="auto">&nbsp;</div>
<div dir="auto"><img loading="lazy" decoding="async" class="aligncenter size-large wp-image-12405" src="https://ffw-weilersbach.de/wordpress/wp-content/uploads/2024/12/468873372_989601503206995_8602282823598357441_n-700x525.jpg" alt="" width="700" height="525" srcset="https://ffw-weilersbach.de/wordpress/wp-content/uploads/2024/12/468873372_989601503206995_8602282823598357441_n-700x525.jpg 700w, https://ffw-weilersbach.de/wordpress/wp-content/uploads/2024/12/468873372_989601503206995_8602282823598357441_n-300x225.jpg 300w, https://ffw-weilersbach.de/wordpress/wp-content/uploads/2024/12/468873372_989601503206995_8602282823598357441_n-768x576.jpg 768w, https://ffw-weilersbach.de/wordpress/wp-content/uploads/2024/12/468873372_989601503206995_8602282823598357441_n-1536x1152.jpg 1536w, https://ffw-weilersbach.de/wordpress/wp-content/uploads/2024/12/468873372_989601503206995_8602282823598357441_n.jpg 2048w" sizes="auto, (max-width: 700px) 100vw, 700px" /> <img loading="lazy" decoding="async" class="aligncenter size-large wp-image-12406" src="https://ffw-weilersbach.de/wordpress/wp-content/uploads/2024/12/wm2024-700x525.jpg" alt="" width="700" height="525" srcset="https://ffw-weilersbach.de/wordpress/wp-content/uploads/2024/12/wm2024-700x525.jpg 700w, https://ffw-weilersbach.de/wordpress/wp-content/uploads/2024/12/wm2024-300x225.jpg 300w, https://ffw-weilersbach.de/wordpress/wp-content/uploads/2024/12/wm2024-768x576.jpg 768w, https://ffw-weilersbach.de/wordpress/wp-content/uploads/2024/12/wm2024-1536x1152.jpg 1536w, https://ffw-weilersbach.de/wordpress/wp-content/uploads/2024/12/wm2024.jpg 1600w" sizes="auto, (max-width: 700px) 100vw, 700px" /></div>
<div dir="auto">&nbsp;</div>
<div dir="auto">&nbsp;</div>
</div>
