{"id":10072,"date":"2023-11-29T02:59:00","date_gmt":"2023-11-29T01:59:00","guid":{"rendered":"https:\/\/ffw-weilersbach.de\/wordpress\/?post_type=einsatz&#038;p=10072"},"modified":"2023-12-03T11:45:46","modified_gmt":"2023-12-03T10:45:46","slug":"baum-auf-strasse-am-29-11-2023","status":"publish","type":"einsatz","link":"https:\/\/ffw-weilersbach.de\/wordpress\/archive\/einsaetze\/baum-auf-strasse-am-29-11-2023","title":{"rendered":"Baum auf Stra\u00dfe am 29.11.2023"},"content":{"rendered":"<p>In der vergangenen Nacht, Mittwoch 29.11.2023, um 02.59 Uhr, wurden wir&nbsp; von der integrierten Leitstelle alarmiert. Zwischen Weilersbach und Reuth ist ein gro\u00dfer, massiver Baum umgest\u00fcrzt. Es wurden Teile des Radweges und der angrenzenden Bundesstra\u00dfe (B470) dadurch blockiert. Mittels Kettens\u00e4ge wurde der Baum zerkleinert und die Fahrbahn anschlie\u00dfend durch uns gereinigt. Nach ca. 1,5 Stunden konnte die Einsatzbereitschaft wieder hergestellt und die Nachtruhe fortgesetzt werden.<\/p>\n<p><img loading=\"lazy\" decoding=\"async\" class=\"aligncenter size-large wp-image-10073\" src=\"https:\/\/ffw-weilersbach.de\/wordpress\/wp-content\/uploads\/2023\/11\/406308433_18014581981988666_5552361166491262495_n-700x700.jpg\" alt=\"\" width=\"700\" height=\"700\" srcset=\"https:\/\/ffw-weilersbach.de\/wordpress\/wp-content\/uploads\/2023\/11\/406308433_18014581981988666_5552361166491262495_n-700x700.jpg 700w, https:\/\/ffw-weilersbach.de\/wordpress\/wp-content\/uploads\/2023\/11\/406308433_18014581981988666_5552361166491262495_n-300x300.jpg 300w, https:\/\/ffw-weilersbach.de\/wordpress\/wp-content\/uploads\/2023\/11\/406308433_18014581981988666_5552361166491262495_n-150x150.jpg 150w, https:\/\/ffw-weilersbach.de\/wordpress\/wp-content\/uploads\/2023\/11\/406308433_18014581981988666_5552361166491262495_n-768x768.jpg 768w, https:\/\/ffw-weilersbach.de\/wordpress\/wp-content\/uploads\/2023\/11\/406308433_18014581981988666_5552361166491262495_n.jpg 1440w\" sizes=\"auto, (max-width: 700px) 100vw, 700px\" \/><\/p>\n<p><img loading=\"lazy\" decoding=\"async\" class=\"aligncenter size-large wp-image-10074\" src=\"https:\/\/ffw-weilersbach.de\/wordpress\/wp-content\/uploads\/2023\/11\/406323167_18014581972988666_5417261863462996337_n-700x700.jpg\" alt=\"\" width=\"700\" height=\"700\" srcset=\"https:\/\/ffw-weilersbach.de\/wordpress\/wp-content\/uploads\/2023\/11\/406323167_18014581972988666_5417261863462996337_n-700x700.jpg 700w, https:\/\/ffw-weilersbach.de\/wordpress\/wp-content\/uploads\/2023\/11\/406323167_18014581972988666_5417261863462996337_n-300x300.jpg 300w, https:\/\/ffw-weilersbach.de\/wordpress\/wp-content\/uploads\/2023\/11\/406323167_18014581972988666_5417261863462996337_n-150x150.jpg 150w, https:\/\/ffw-weilersbach.de\/wordpress\/wp-content\/uploads\/2023\/11\/406323167_18014581972988666_5417261863462996337_n-768x768.jpg 768w, https:\/\/ffw-weilersbach.de\/wordpress\/wp-content\/uploads\/2023\/11\/406323167_18014581972988666_5417261863462996337_n.jpg 1440w\" sizes=\"auto, (max-width: 700px) 100vw, 700px\" \/><\/p>\n<p>&nbsp;<\/p>\n<p>&nbsp;<\/p>\n","protected":false},"author":1,"featured_media":10074,"template":"","meta":{"ngg_post_thumbnail":0,"einsatz_weight":1,"footnotes":""},"categories":[2],"tags":[54,55,38],"einsatzart":[32],"fahrzeug":[35,36],"exteinsatzmittel":[],"alarmierungsart":[43,45,51],"evw_unit":[],"class_list":["post-10072","einsatz","type-einsatz","status-publish","has-post-thumbnail","hentry","category-einsatz","tag-baum","tag-fahrbahn","tag-thl1","einsatzart-thl","fahrzeug-lf-20-16","fahrzeug-mzf","alarmierungsart-handyapp","alarmierungsart-pager","alarmierungsart-whatsapp"],"_links":{"self":[{"href":"https:\/\/ffw-weilersbach.de\/wordpress\/wp-json\/wp\/v2\/einsatz\/10072","targetHints":{"allow":["GET"]}}],"collection":[{"href":"https:\/\/ffw-weilersbach.de\/wordpress\/wp-json\/wp\/v2\/einsatz"}],"about":[{"href":"https:\/\/ffw-weilersbach.de\/wordpress\/wp-json\/wp\/v2\/types\/einsatz"}],"author":[{"embeddable":true,"href":"https:\/\/ffw-weilersbach.de\/wordpress\/wp-json\/wp\/v2\/users\/1"}],"version-history":[{"count":2,"href":"https:\/\/ffw-weilersbach.de\/wordpress\/wp-json\/wp\/v2\/einsatz\/10072\/revisions"}],"predecessor-version":[{"id":10083,"href":"https:\/\/ffw-weilersbach.de\/wordpress\/wp-json\/wp\/v2\/einsatz\/10072\/revisions\/10083"}],"wp:featuredmedia":[{"embeddable":true,"href":"https:\/\/ffw-weilersbach.de\/wordpress\/wp-json\/wp\/v2\/media\/10074"}],"wp:attachment":[{"href":"https:\/\/ffw-weilersbach.de\/wordpress\/wp-json\/wp\/v2\/media?parent=10072"}],"wp:term":[{"taxonomy":"category","embeddable":true,"href":"https:\/\/ffw-weilersbach.de\/wordpress\/wp-json\/wp\/v2\/categories?post=10072"},{"taxonomy":"post_tag","embeddable":true,"href":"https:\/\/ffw-weilersbach.de\/wordpress\/wp-json\/wp\/v2\/tags?post=10072"},{"taxonomy":"einsatzart","embeddable":true,"href":"https:\/\/ffw-weilersbach.de\/wordpress\/wp-json\/wp\/v2\/einsatzart?post=10072"},{"taxonomy":"fahrzeug","embeddable":true,"href":"https:\/\/ffw-weilersbach.de\/wordpress\/wp-json\/wp\/v2\/fahrzeug?post=10072"},{"taxonomy":"exteinsatzmittel","embeddable":true,"href":"https:\/\/ffw-weilersbach.de\/wordpress\/wp-json\/wp\/v2\/exteinsatzmittel?post=10072"},{"taxonomy":"alarmierungsart","embeddable":true,"href":"https:\/\/ffw-weilersbach.de\/wordpress\/wp-json\/wp\/v2\/alarmierungsart?post=10072"},{"taxonomy":"evw_unit","embeddable":true,"href":"https:\/\/ffw-weilersbach.de\/wordpress\/wp-json\/wp\/v2\/evw_unit?post=10072"}],"curies":[{"name":"wp","href":"https:\/\/api.w.org\/{rel}","templated":true}]}}

Baum auf Straße am 29.11.2023

<p>In der vergangenen Nacht, Mittwoch 29.11.2023, um 02.59 Uhr, wurden wir&nbsp; von der integrierten Leitstelle alarmiert. Zwischen Weilersbach und Reuth ist ein großer, massiver Baum umgestürzt. Es wurden Teile des Radweges und der angrenzenden Bundesstraße (B470) dadurch blockiert. Mittels Kettensäge wurde der Baum zerkleinert und die Fahrbahn anschließend durch uns gereinigt. Nach ca. 1,5 Stunden konnte die Einsatzbereitschaft wieder hergestellt und die Nachtruhe fortgesetzt werden.</p>
<p><img loading="lazy" decoding="async" class="aligncenter size-large wp-image-10073" src="https://ffw-weilersbach.de/wordpress/wp-content/uploads/2023/11/406308433_18014581981988666_5552361166491262495_n-700x700.jpg" alt="" width="700" height="700" srcset="https://ffw-weilersbach.de/wordpress/wp-content/uploads/2023/11/406308433_18014581981988666_5552361166491262495_n-700x700.jpg 700w, https://ffw-weilersbach.de/wordpress/wp-content/uploads/2023/11/406308433_18014581981988666_5552361166491262495_n-300x300.jpg 300w, https://ffw-weilersbach.de/wordpress/wp-content/uploads/2023/11/406308433_18014581981988666_5552361166491262495_n-150x150.jpg 150w, https://ffw-weilersbach.de/wordpress/wp-content/uploads/2023/11/406308433_18014581981988666_5552361166491262495_n-768x768.jpg 768w, https://ffw-weilersbach.de/wordpress/wp-content/uploads/2023/11/406308433_18014581981988666_5552361166491262495_n.jpg 1440w" sizes="auto, (max-width: 700px) 100vw, 700px" /></p>
<p><img loading="lazy" decoding="async" class="aligncenter size-large wp-image-10074" src="https://ffw-weilersbach.de/wordpress/wp-content/uploads/2023/11/406323167_18014581972988666_5417261863462996337_n-700x700.jpg" alt="" width="700" height="700" srcset="https://ffw-weilersbach.de/wordpress/wp-content/uploads/2023/11/406323167_18014581972988666_5417261863462996337_n-700x700.jpg 700w, https://ffw-weilersbach.de/wordpress/wp-content/uploads/2023/11/406323167_18014581972988666_5417261863462996337_n-300x300.jpg 300w, https://ffw-weilersbach.de/wordpress/wp-content/uploads/2023/11/406323167_18014581972988666_5417261863462996337_n-150x150.jpg 150w, https://ffw-weilersbach.de/wordpress/wp-content/uploads/2023/11/406323167_18014581972988666_5417261863462996337_n-768x768.jpg 768w, https://ffw-weilersbach.de/wordpress/wp-content/uploads/2023/11/406323167_18014581972988666_5417261863462996337_n.jpg 1440w" sizes="auto, (max-width: 700px) 100vw, 700px" /></p>
<p>&nbsp;</p>
<p>&nbsp;</p>
